{"id":969,"date":"2024-01-17T15:40:08","date_gmt":"2024-01-17T18:40:08","guid":{"rendered":"https:\/\/livrariamaveshop.com.br\/?post_type=product&#038;p=969"},"modified":"2024-02-02T16:56:53","modified_gmt":"2024-02-02T19:56:53","slug":"9-marcas-de-uma-igreja-saudavel","status":"publish","type":"product","link":"https:\/\/livrariamaveshop.com.br\/?product=9-marcas-de-uma-igreja-saudavel","title":{"rendered":"9 Marcas de Uma Igreja Sa\u00fadavel"},"content":{"rendered":"<div class=\"a-expander-content a-expander-partial-collapse-content a-expander-content-expanded\" aria-expanded=\"true\">O que constitui uma igreja saud\u00e1vel? Uma grande congrega\u00e7\u00e3o? Estacionamento suficiente? M\u00fasica vibrante? Talvez voc\u00ea j\u00e1 leu obras sobre este assunto &#8211; mas n\u00e3o como esta. Nove Marcas de uma Igreja Saud\u00e1vel n\u00e3o \u00e9 um manual de instru\u00e7\u00e3o para o crescimento de igrejas. \u00c9 a recomenda\u00e7\u00e3o de um pastor a respeito de como avaliar a sa\u00fade de sua igreja, usando nove qualidades negligenciadas por muitas das igrejas contempor\u00e2neas. Quer voc\u00ea seja l\u00edder, quer seja um membro envolvido no minist\u00e9rio de sua igreja, voc\u00ea pode cultivar essas qualidades em sua igreja, trazendo-lhe vida e nova sa\u00fade, para a gl\u00f3ria de Deus.Sobre o autor:Mark Dever \u00e9 pastor da Igreja Batista de Capitol Hill, em Washington, D.C., EUA. Graduado na Universidade Duke, obteve Mestrado em Divindade no Gordon Conwell Theological Seminary, Mestrado em Teologia no Shouthern Baptist Theologial Seminary e Ph.D em Hist\u00f3ria Eclesi\u00e1stica na Universidade de Cambridge. \u00c9 presidente do minist\u00e9rio 9Marcas e tem ensinado em diversos semin\u00e1rios, igrejas e confer\u00eancias. Pr. Mark Dever \u00e9 autor de diversos artigos e livros. Dentre estes, O Que \u00e9 uma Igreja Saud\u00e1vel?, Deliberadamente Igreja e Refletindo a Gl\u00f3ria de Deus, pela Editora Fiel, e A Mensagem do Antigo Testamento, pela CPAD. Ele, Connie, sua esposa e Nathan, seu filho, vivem e ministram em Capitol Hill, Washington, D.C.Recomenda\u00e7\u00f5es:Seguindo a tradi\u00e7\u00e3o de Lloyd-Jones e John Sott, Mark Dever convoca a igreja a redescobrir seu legado b\u00edblico. Talvez em nenhuma outra \u00e9poca da hist\u00f3ria, a igreja tentou arduamente ser relevante a uma cultura e se tornou menos relevante, ao fazer isso! Enquanto muitos gurus da igreja moderna nos encorajam a estar `no mundo`. Mark Dever nos recorda que somos chamados a fazer isso sem nos tornarmos `do mundo`. Este volume se concentra mais no `ser` do que no `fazer` da igreja. Afinal de contas, o ser vem antes do fazer, pois o que fazemos sempre \u00e9 determinado pelo que `somos`. Deixemos a igreja ser a igreja. Leia este livro e se beneficie.<\/div>\n<div class=\"a-expander-header a-expander-partial-collapse-header\"><\/div>\n","protected":false},"excerpt":{"rendered":"<p>O que constitui uma igreja saud\u00e1vel? Uma grande congrega\u00e7\u00e3o? Estacionamento suficiente? M\u00fasica vibrante? Talvez voc\u00ea j\u00e1 leu obras sobre este assunto &#8211; mas n\u00e3o como esta. Nove Marcas de uma Igreja Saud\u00e1vel n\u00e3o \u00e9 um manual de instru\u00e7\u00e3o para o crescimento de igrejas. \u00c9 a recomenda\u00e7\u00e3o de um pastor a respeito de como avaliar a [&hellip;]<\/p>\n","protected":false},"featured_media":1640,"comment_status":"closed","ping_status":"closed","template":"","meta":{"_joinchat":[]},"pwb-brand":[60],"product_cat":[76],"product_tag":[],"class_list":{"0":"post-969","1":"product","2":"type-product","3":"status-publish","4":"has-post-thumbnail","6":"pwb-brand-mark-dever","7":"product_cat-igreja","8":"product_shipping_class-geral","10":"first","11":"instock","12":"taxable","13":"shipping-taxable","14":"purchasable","15":"product-type-simple"},"brands":[{"id":60,"name":"MARK DEVER","slug":"mark-dever"}],"_links":{"self":[{"href":"https:\/\/livrariamaveshop.com.br\/index.php?rest_route=\/wp\/v2\/product\/969","targetHints":{"allow":["GET"]}}],"collection":[{"href":"https:\/\/livrariamaveshop.com.br\/index.php?rest_route=\/wp\/v2\/product"}],"about":[{"href":"https:\/\/livrariamaveshop.com.br\/index.php?rest_route=\/wp\/v2\/types\/product"}],"replies":[{"embeddable":true,"href":"https:\/\/livrariamaveshop.com.br\/index.php?rest_route=%2Fwp%2Fv2%2Fcomments&post=969"}],"wp:featuredmedia":[{"embeddable":true,"href":"https:\/\/livrariamaveshop.com.br\/index.php?rest_route=\/wp\/v2\/media\/1640"}],"wp:attachment":[{"href":"https:\/\/livrariamaveshop.com.br\/index.php?rest_route=%2Fwp%2Fv2%2Fmedia&parent=969"}],"wp:term":[{"taxonomy":"pwb-brand","embeddable":true,"href":"https:\/\/livrariamaveshop.com.br\/index.php?rest_route=%2Fwp%2Fv2%2Fpwb-brand&post=969"},{"taxonomy":"product_cat","embeddable":true,"href":"https:\/\/livrariamaveshop.com.br\/index.php?rest_route=%2Fwp%2Fv2%2Fproduct_cat&post=969"},{"taxonomy":"product_tag","embeddable":true,"href":"https:\/\/livrariamaveshop.com.br\/index.php?rest_route=%2Fwp%2Fv2%2Fproduct_tag&post=969"}],"curies":[{"name":"wp","href":"https:\/\/api.w.org\/{rel}","templated":true}]}}