{"id":946,"date":"2024-01-17T14:19:06","date_gmt":"2024-01-17T17:19:06","guid":{"rendered":"https:\/\/livrariamaveshop.com.br\/?post_type=product&#038;p=946"},"modified":"2024-02-02T16:31:36","modified_gmt":"2024-02-02T19:31:36","slug":"a-graca-bate-a-sua-porta","status":"publish","type":"product","link":"https:\/\/livrariamaveshop.com.br\/?product=a-graca-bate-a-sua-porta","title":{"rendered":"A Gra\u00e7a Bate a Sua Porta"},"content":{"rendered":"<div id=\"bookDescription_feature_div\" class=\"celwidget\" data-feature-name=\"bookDescription\" data-csa-c-type=\"widget\" data-csa-c-content-id=\"bookDescription\" data-csa-c-slot-id=\"bookDescription_feature_div\" data-csa-c-asin=\"\" data-csa-c-is-in-initial-active-row=\"false\" data-csa-c-id=\"26ybxv-qv8sqs-8dnbin-m9krq7\" data-cel-widget=\"bookDescription_feature_div\">\n<div class=\"a-expander-collapsed-height a-row a-expander-container a-spacing-base a-expander-partial-collapse-container\" data-a-expander-name=\"book_description_expander\" data-a-expander-collapsed-height=\"280\">\n<div class=\"a-expander-content a-expander-partial-collapse-content\" aria-expanded=\"false\"><span class=\"a-text-bold a-text-italic\">A gra\u00e7a de Deus, aqui e agora.<\/span><br \/>\nComo explicar a gra\u00e7a? Por mais que se esfor\u00e7assem, nem os maiores her\u00f3is da f\u00e9 ou os mais conceituados estudiosos da religi\u00e3o conseguiram essa fa\u00e7anha. Ela sempre esteve al\u00e9m de qualquer conceitua\u00e7\u00e3o \u2014 e, ao mesmo tempo, ao alcance de todos.\u00c9 isso que fascina Max Lucado. Por isso ele volta ao tema nesta bel\u00edssima obra, baseada nas reflex\u00f5es que encantaram os leitores no sucesso Gra\u00e7a, considerado pelo pr\u00f3prio autor um de seus livros mais importantes.Nas mensagens inspiradoras e nas p\u00e1ginas luxuosas de A gra\u00e7a bate \u00e0 sua porta, o premiado escritor (que j\u00e1 vendeu mais de 100 milh\u00f5es de exemplares em todo o mundo) mostra como a gra\u00e7a \u00e9 a maior express\u00e3o do amor de Deus, oferecido a todos, em todo lugar, em todo momento.<\/div>\n<\/div>\n<\/div>\n<div id=\"hushpuppyUpsell_feature_div\" class=\"celwidget\" data-feature-name=\"hushpuppyUpsell\" data-csa-c-type=\"widget\" data-csa-c-content-id=\"hushpuppyUpsell\" data-csa-c-slot-id=\"hushpuppyUpsell_feature_div\" data-csa-c-asin=\"\" data-csa-c-is-in-initial-active-row=\"false\" data-csa-c-id=\"pfj6ss-8r37l4-ot7gsl-yx59x3\" data-cel-widget=\"hushpuppyUpsell_feature_div\"><\/div>\n<div id=\"richProductInformation_feature_div\" class=\"celwidget\" data-feature-name=\"richProductInformation\" data-csa-c-type=\"widget\" data-csa-c-content-id=\"richProductInformation\" data-csa-c-slot-id=\"richProductInformation_feature_div\" data-csa-c-asin=\"\" data-csa-c-is-in-initial-active-row=\"false\" data-csa-c-id=\"vk96j8-undq9m-3c2147-cs77a2\" data-cel-widget=\"richProductInformation_feature_div\">\n<div id=\"rich_product_information\" class=\"a-section a-spacing-none celwidget\" data-csa-c-id=\"p7jvgu-6j2p89-ev9khd-d6p15n\" data-cel-widget=\"rich_product_information\"><\/div>\n<\/div>\n","protected":false},"excerpt":{"rendered":"<p>A gra\u00e7a de Deus, aqui e agora. Como explicar a gra\u00e7a? Por mais que se esfor\u00e7assem, nem os maiores her\u00f3is da f\u00e9 ou os mais conceituados estudiosos da religi\u00e3o conseguiram essa fa\u00e7anha. Ela sempre esteve al\u00e9m de qualquer conceitua\u00e7\u00e3o \u2014 e, ao mesmo tempo, ao alcance de todos.\u00c9 isso que fascina Max Lucado. Por isso [&hellip;]<\/p>\n","protected":false},"featured_media":1631,"comment_status":"closed","ping_status":"closed","template":"","meta":{"_joinchat":[]},"pwb-brand":[47],"product_cat":[70],"product_tag":[],"class_list":{"0":"post-946","1":"product","2":"type-product","3":"status-publish","4":"has-post-thumbnail","6":"pwb-brand-max-lucado","7":"product_cat-graca","8":"product_shipping_class-geral","10":"first","11":"instock","12":"taxable","13":"shipping-taxable","14":"purchasable","15":"product-type-simple"},"brands":[{"id":47,"name":"MAX LUCADO","slug":"max-lucado"}],"_links":{"self":[{"href":"https:\/\/livrariamaveshop.com.br\/index.php?rest_route=\/wp\/v2\/product\/946","targetHints":{"allow":["GET"]}}],"collection":[{"href":"https:\/\/livrariamaveshop.com.br\/index.php?rest_route=\/wp\/v2\/product"}],"about":[{"href":"https:\/\/livrariamaveshop.com.br\/index.php?rest_route=\/wp\/v2\/types\/product"}],"replies":[{"embeddable":true,"href":"https:\/\/livrariamaveshop.com.br\/index.php?rest_route=%2Fwp%2Fv2%2Fcomments&post=946"}],"wp:featuredmedia":[{"embeddable":true,"href":"https:\/\/livrariamaveshop.com.br\/index.php?rest_route=\/wp\/v2\/media\/1631"}],"wp:attachment":[{"href":"https:\/\/livrariamaveshop.com.br\/index.php?rest_route=%2Fwp%2Fv2%2Fmedia&parent=946"}],"wp:term":[{"taxonomy":"pwb-brand","embeddable":true,"href":"https:\/\/livrariamaveshop.com.br\/index.php?rest_route=%2Fwp%2Fv2%2Fpwb-brand&post=946"},{"taxonomy":"product_cat","embeddable":true,"href":"https:\/\/livrariamaveshop.com.br\/index.php?rest_route=%2Fwp%2Fv2%2Fproduct_cat&post=946"},{"taxonomy":"product_tag","embeddable":true,"href":"https:\/\/livrariamaveshop.com.br\/index.php?rest_route=%2Fwp%2Fv2%2Fproduct_tag&post=946"}],"curies":[{"name":"wp","href":"https:\/\/api.w.org\/{rel}","templated":true}]}}