{"id":942,"date":"2024-01-17T14:13:06","date_gmt":"2024-01-17T17:13:06","guid":{"rendered":"https:\/\/livrariamaveshop.com.br\/?post_type=product&#038;p=942"},"modified":"2024-01-19T21:58:19","modified_gmt":"2024-01-20T00:58:19","slug":"linguas-depois-de-pentecostes","status":"publish","type":"product","link":"https:\/\/livrariamaveshop.com.br\/?product=linguas-depois-de-pentecostes","title":{"rendered":"L\u00ednguas Depois de Pentecostes"},"content":{"rendered":"<p style=\"font-weight: 400;\"><em>L\u00ednguas: Depois do Dia de Pentecostes\u201d<\/em> do autor Kenneth E. Hagin, \u00e9 uma compila\u00e7\u00e3o de ensinos a respeito da evid\u00eancia inicial do batismo no Esp\u00edrito Santo que \u00e9 o falar em outras l\u00ednguas. Nessa obra, que \u00e9 um grande cl\u00e1ssico da literatura crist\u00e3, voc\u00ea vai aprender tudo a respeito de falar em l\u00ednguas e descobrir o prop\u00f3sito e o poder de orar em l\u00ednguas.<\/p>\n<p style=\"font-weight: 400;\">Nesta obra, Kenneth E. Hagin usa as Escrituras e poderosas ilustra\u00e7\u00f5es de sua pr\u00f3pria vida de ora\u00e7\u00e3o e da vida de outros ministros respeitados, para explicar com clareza e simplicidade o que significa falar em l\u00ednguas. Este estudo sobre l\u00ednguas responder\u00e1 perguntas como: <em>Falar em l\u00ednguas \u00e9 para todas as pessoas? As l\u00ednguas s\u00e3o um dom de Deus ou um engano do diabo? Se Jesus n\u00e3o falou em l\u00ednguas, por que eu deveria? O dom de l\u00ednguas acabou quando os ap\u00f3stolos originais morreram? Falar em l\u00ednguas \u00e9 simplesmente falar em uma l\u00edngua estrangeira? Orar em l\u00ednguas em voz alta traz mais poder? Voc\u00ea pode ser nascido de novo sem falar em l\u00ednguas?<\/em><\/p>\n<p style=\"font-weight: 400;\">Na leitura desta obra, voc\u00ea receber\u00e1 ensinamentos preciosos para n\u00e3o dar lugar a nenhuma d\u00favida e viver com clareza exercendo esse dom de Deus.<\/p>\n","protected":false},"excerpt":{"rendered":"<p>L\u00ednguas: Depois do Dia de Pentecostes\u201d do autor Kenneth E. Hagin, \u00e9 uma compila\u00e7\u00e3o de ensinos a respeito da evid\u00eancia inicial do batismo no Esp\u00edrito Santo que \u00e9 o falar em outras l\u00ednguas. Nessa obra, que \u00e9 um grande cl\u00e1ssico da literatura crist\u00e3, voc\u00ea vai aprender tudo a respeito de falar em l\u00ednguas e descobrir [&hellip;]<\/p>\n","protected":false},"featured_media":944,"comment_status":"closed","ping_status":"closed","template":"","meta":{"_joinchat":[]},"pwb-brand":[43],"product_cat":[66,21],"product_tag":[],"class_list":{"0":"post-942","1":"product","2":"type-product","3":"status-publish","4":"has-post-thumbnail","6":"pwb-brand-kenneth-e-hagin","7":"product_cat-espirito-santo","8":"product_cat-lancamentos","9":"product_shipping_class-geral","11":"first","12":"instock","13":"taxable","14":"shipping-taxable","15":"purchasable","16":"product-type-simple"},"brands":[{"id":43,"name":"KENNETH E. HAGIN","slug":"kenneth-e-hagin"}],"_links":{"self":[{"href":"https:\/\/livrariamaveshop.com.br\/index.php?rest_route=\/wp\/v2\/product\/942","targetHints":{"allow":["GET"]}}],"collection":[{"href":"https:\/\/livrariamaveshop.com.br\/index.php?rest_route=\/wp\/v2\/product"}],"about":[{"href":"https:\/\/livrariamaveshop.com.br\/index.php?rest_route=\/wp\/v2\/types\/product"}],"replies":[{"embeddable":true,"href":"https:\/\/livrariamaveshop.com.br\/index.php?rest_route=%2Fwp%2Fv2%2Fcomments&post=942"}],"wp:featuredmedia":[{"embeddable":true,"href":"https:\/\/livrariamaveshop.com.br\/index.php?rest_route=\/wp\/v2\/media\/944"}],"wp:attachment":[{"href":"https:\/\/livrariamaveshop.com.br\/index.php?rest_route=%2Fwp%2Fv2%2Fmedia&parent=942"}],"wp:term":[{"taxonomy":"pwb-brand","embeddable":true,"href":"https:\/\/livrariamaveshop.com.br\/index.php?rest_route=%2Fwp%2Fv2%2Fpwb-brand&post=942"},{"taxonomy":"product_cat","embeddable":true,"href":"https:\/\/livrariamaveshop.com.br\/index.php?rest_route=%2Fwp%2Fv2%2Fproduct_cat&post=942"},{"taxonomy":"product_tag","embeddable":true,"href":"https:\/\/livrariamaveshop.com.br\/index.php?rest_route=%2Fwp%2Fv2%2Fproduct_tag&post=942"}],"curies":[{"name":"wp","href":"https:\/\/api.w.org\/{rel}","templated":true}]}}