{"id":935,"date":"2024-01-17T14:07:31","date_gmt":"2024-01-17T17:07:31","guid":{"rendered":"https:\/\/livrariamaveshop.com.br\/?post_type=product&#038;p=935"},"modified":"2024-02-02T15:38:06","modified_gmt":"2024-02-02T18:38:06","slug":"a-experiencia-da-mesa","status":"publish","type":"product","link":"https:\/\/livrariamaveshop.com.br\/?product=a-experiencia-da-mesa","title":{"rendered":"A Experi\u00eancia da Mesa"},"content":{"rendered":"<p>Na sua casa voc\u00eas t\u00eam usado a mesa para refei\u00e7\u00f5es? Ou todos est\u00e3o comendo no sof\u00e1, em frente \u00e0 TV? Sua fam\u00edlia compartilha algo mais do que a mesma novela? Se sim, leio esse livro maravilhoso aprenda como valorizar ainda mais esse momento \u00e0 mesa com sua fam\u00edlia. Se sua resposta for n\u00e3o, saiba que o sinal de alerta est\u00e1 ligado, est\u00e1 na hora de voc\u00ea ler esse livro e descobrir o significado de todos se sentarem \u00e0 mesa e olharem nos olhos uns dos outros.<\/p>\n<p>&nbsp;<\/p>\n<p>Arrume sua casa, organize sua sala de jantar, ou sua cozinha, coloque uma mesa ao meio, v\u00e1rias cadeiras, se poss\u00edvel, sobrando para as visitas e torne aquele lugar, um lugar especial. Um lugar de comunh\u00e3o, a mesa deve ser o local em que o cora\u00e7\u00e3o recebe acalento, em que o pai assume sua posi\u00e7\u00e3o de sacerdote e os filhos ouvem os seus conselhos, o lugar em que a m\u00e3e pode dar os ensinamentos de vida espiritual e material e em que os filhos podem contar suas dificuldades.<\/p>\n<p>&nbsp;<\/p>\n<p>Com toda essa arruma\u00e7\u00e3o chame tamb\u00e9m as visitas, fa\u00e7am jogos \u00e0 mesa, discutam assuntos b\u00edblicos, assuntos do cotidiano, desfrutem da comunh\u00e3o. Em fam\u00edlia e com os amigos, torne sua casa confort\u00e1vel para todos os que nela se acomodarem.<\/p>\n<p>&nbsp;<\/p>\n<p>Descubra o segredo da comunh\u00e3o uns com os outros e com Deus e como essa comunh\u00e3o pode ser desenvolvida \u00e0 mesa, diante de um prato sofisticado ou simples, o que importa \u00e9 a Experi\u00eancia da mesa.<\/p>\n","protected":false},"excerpt":{"rendered":"<p>Na sua casa voc\u00eas t\u00eam usado a mesa para refei\u00e7\u00f5es? Ou todos est\u00e3o comendo no sof\u00e1, em frente \u00e0 TV? Sua fam\u00edlia compartilha algo mais do que a mesma novela? Se sim, leio esse livro maravilhoso aprenda como valorizar ainda mais esse momento \u00e0 mesa com sua fam\u00edlia. Se sua resposta for n\u00e3o, saiba que [&hellip;]<\/p>\n","protected":false},"featured_media":1614,"comment_status":"closed","ping_status":"closed","template":"","meta":{"_joinchat":[]},"pwb-brand":[71],"product_cat":[68,21],"product_tag":[],"class_list":{"0":"post-935","1":"product","2":"type-product","3":"status-publish","4":"has-post-thumbnail","6":"pwb-brand-devi-titus","7":"product_cat-familia","8":"product_cat-lancamentos","9":"product_shipping_class-geral","11":"first","12":"instock","13":"taxable","14":"shipping-taxable","15":"purchasable","16":"product-type-simple"},"brands":[{"id":71,"name":"DEVI TITUS","slug":"devi-titus"}],"_links":{"self":[{"href":"https:\/\/livrariamaveshop.com.br\/index.php?rest_route=\/wp\/v2\/product\/935","targetHints":{"allow":["GET"]}}],"collection":[{"href":"https:\/\/livrariamaveshop.com.br\/index.php?rest_route=\/wp\/v2\/product"}],"about":[{"href":"https:\/\/livrariamaveshop.com.br\/index.php?rest_route=\/wp\/v2\/types\/product"}],"replies":[{"embeddable":true,"href":"https:\/\/livrariamaveshop.com.br\/index.php?rest_route=%2Fwp%2Fv2%2Fcomments&post=935"}],"wp:featuredmedia":[{"embeddable":true,"href":"https:\/\/livrariamaveshop.com.br\/index.php?rest_route=\/wp\/v2\/media\/1614"}],"wp:attachment":[{"href":"https:\/\/livrariamaveshop.com.br\/index.php?rest_route=%2Fwp%2Fv2%2Fmedia&parent=935"}],"wp:term":[{"taxonomy":"pwb-brand","embeddable":true,"href":"https:\/\/livrariamaveshop.com.br\/index.php?rest_route=%2Fwp%2Fv2%2Fpwb-brand&post=935"},{"taxonomy":"product_cat","embeddable":true,"href":"https:\/\/livrariamaveshop.com.br\/index.php?rest_route=%2Fwp%2Fv2%2Fproduct_cat&post=935"},{"taxonomy":"product_tag","embeddable":true,"href":"https:\/\/livrariamaveshop.com.br\/index.php?rest_route=%2Fwp%2Fv2%2Fproduct_tag&post=935"}],"curies":[{"name":"wp","href":"https:\/\/api.w.org\/{rel}","templated":true}]}}