{"id":882,"date":"2024-01-16T16:53:20","date_gmt":"2024-01-16T19:53:20","guid":{"rendered":"https:\/\/livrariamaveshop.com.br\/?post_type=product&#038;p=882"},"modified":"2024-01-16T16:53:20","modified_gmt":"2024-01-16T19:53:20","slug":"o-poder-de-crer-corretamente","status":"publish","type":"product","link":"https:\/\/livrariamaveshop.com.br\/?product=o-poder-de-crer-corretamente","title":{"rendered":"O Poder De Crer Corretamente"},"content":{"rendered":"<p>Em O PODER DE CRER CORRETAMENTE,\u00a0<strong>Joseph Prince<\/strong>, autor de best-sellers em todo o mundo e uma voz de lideran\u00e7a na proclama\u00e7\u00e3o do evangelho da gra\u00e7a, revela sete princ\u00edpios pr\u00e1ticos e poderosos para ajud\u00e1-lo a encontrar a liberdade do medo, da culpa e dos v\u00edcios.<\/p>\n","protected":false},"excerpt":{"rendered":"<p>Em O PODER DE CRER CORRETAMENTE,\u00a0Joseph Prince, autor de best-sellers em todo o mundo e uma voz de lideran\u00e7a na proclama\u00e7\u00e3o do evangelho da gra\u00e7a, revela sete princ\u00edpios pr\u00e1ticos e poderosos para ajud\u00e1-lo a encontrar a liberdade do medo, da culpa e dos v\u00edcios.<\/p>\n","protected":false},"featured_media":884,"comment_status":"closed","ping_status":"closed","template":"","meta":{"_joinchat":[]},"pwb-brand":[],"product_cat":[40],"product_tag":[],"class_list":{"0":"post-882","1":"product","2":"type-product","3":"status-publish","4":"has-post-thumbnail","6":"product_cat-fe","7":"product_shipping_class-geral","9":"first","10":"instock","11":"taxable","12":"shipping-taxable","13":"purchasable","14":"product-type-simple"},"brands":[],"_links":{"self":[{"href":"https:\/\/livrariamaveshop.com.br\/index.php?rest_route=\/wp\/v2\/product\/882","targetHints":{"allow":["GET"]}}],"collection":[{"href":"https:\/\/livrariamaveshop.com.br\/index.php?rest_route=\/wp\/v2\/product"}],"about":[{"href":"https:\/\/livrariamaveshop.com.br\/index.php?rest_route=\/wp\/v2\/types\/product"}],"replies":[{"embeddable":true,"href":"https:\/\/livrariamaveshop.com.br\/index.php?rest_route=%2Fwp%2Fv2%2Fcomments&post=882"}],"wp:featuredmedia":[{"embeddable":true,"href":"https:\/\/livrariamaveshop.com.br\/index.php?rest_route=\/wp\/v2\/media\/884"}],"wp:attachment":[{"href":"https:\/\/livrariamaveshop.com.br\/index.php?rest_route=%2Fwp%2Fv2%2Fmedia&parent=882"}],"wp:term":[{"taxonomy":"pwb-brand","embeddable":true,"href":"https:\/\/livrariamaveshop.com.br\/index.php?rest_route=%2Fwp%2Fv2%2Fpwb-brand&post=882"},{"taxonomy":"product_cat","embeddable":true,"href":"https:\/\/livrariamaveshop.com.br\/index.php?rest_route=%2Fwp%2Fv2%2Fproduct_cat&post=882"},{"taxonomy":"product_tag","embeddable":true,"href":"https:\/\/livrariamaveshop.com.br\/index.php?rest_route=%2Fwp%2Fv2%2Fproduct_tag&post=882"}],"curies":[{"name":"wp","href":"https:\/\/api.w.org\/{rel}","templated":true}]}}