{"id":869,"date":"2024-01-16T16:22:43","date_gmt":"2024-01-16T19:22:43","guid":{"rendered":"https:\/\/livrariamaveshop.com.br\/?post_type=product&#038;p=869"},"modified":"2024-01-16T16:22:43","modified_gmt":"2024-01-16T19:22:43","slug":"alianca-de-sangue","status":"publish","type":"product","link":"https:\/\/livrariamaveshop.com.br\/?product=alianca-de-sangue","title":{"rendered":"Alian\u00e7a De Sangue"},"content":{"rendered":"<p>S\u00e3o poucos os que compreendem totalmente o real significado da Mesa do Senhor. A verdade oculta no memorial da Mesa do Senhor e que representa seu fundamento \u00e9 t\u00e3o significativa que deixar\u00e1 seu cora\u00e7\u00e3o extasiado! Essa verdade vai estimular voc\u00ea a tomar posse do mesmo poder, da mesma vit\u00f3ria e dos mesmos milagres que faziam parte da vida di\u00e1ria dos ap\u00f3stolos.<\/p>\n<p>A B\u00edblia \u00e9 composta de duas alian\u00e7as. A primeira alian\u00e7a foi entre Abra\u00e3o e Jeov\u00e1, tendo sido selada pela circuncis\u00e3o.<br \/>\nA segunda, a Nova Alian\u00e7a, \u00e9 selada com o sangue de Jesus Cristo, o Filho do pr\u00f3prio Deus.<\/p>\n","protected":false},"excerpt":{"rendered":"<p>S\u00e3o poucos os que compreendem totalmente o real significado da Mesa do Senhor. A verdade oculta no memorial da Mesa do Senhor e que representa seu fundamento \u00e9 t\u00e3o significativa que deixar\u00e1 seu cora\u00e7\u00e3o extasiado! Essa verdade vai estimular voc\u00ea a tomar posse do mesmo poder, da mesma vit\u00f3ria e dos mesmos milagres que faziam [&hellip;]<\/p>\n","protected":false},"featured_media":870,"comment_status":"closed","ping_status":"closed","template":"","meta":{"_joinchat":[]},"pwb-brand":[53],"product_cat":[40],"product_tag":[],"class_list":{"0":"post-869","1":"product","2":"type-product","3":"status-publish","4":"has-post-thumbnail","6":"pwb-brand-e-w-kenyon","7":"product_cat-fe","8":"product_shipping_class-geral","10":"first","11":"instock","12":"taxable","13":"shipping-taxable","14":"purchasable","15":"product-type-simple"},"brands":[{"id":53,"name":"E. W. KENYON","slug":"e-w-kenyon"}],"_links":{"self":[{"href":"https:\/\/livrariamaveshop.com.br\/index.php?rest_route=\/wp\/v2\/product\/869","targetHints":{"allow":["GET"]}}],"collection":[{"href":"https:\/\/livrariamaveshop.com.br\/index.php?rest_route=\/wp\/v2\/product"}],"about":[{"href":"https:\/\/livrariamaveshop.com.br\/index.php?rest_route=\/wp\/v2\/types\/product"}],"replies":[{"embeddable":true,"href":"https:\/\/livrariamaveshop.com.br\/index.php?rest_route=%2Fwp%2Fv2%2Fcomments&post=869"}],"wp:featuredmedia":[{"embeddable":true,"href":"https:\/\/livrariamaveshop.com.br\/index.php?rest_route=\/wp\/v2\/media\/870"}],"wp:attachment":[{"href":"https:\/\/livrariamaveshop.com.br\/index.php?rest_route=%2Fwp%2Fv2%2Fmedia&parent=869"}],"wp:term":[{"taxonomy":"pwb-brand","embeddable":true,"href":"https:\/\/livrariamaveshop.com.br\/index.php?rest_route=%2Fwp%2Fv2%2Fpwb-brand&post=869"},{"taxonomy":"product_cat","embeddable":true,"href":"https:\/\/livrariamaveshop.com.br\/index.php?rest_route=%2Fwp%2Fv2%2Fproduct_cat&post=869"},{"taxonomy":"product_tag","embeddable":true,"href":"https:\/\/livrariamaveshop.com.br\/index.php?rest_route=%2Fwp%2Fv2%2Fproduct_tag&post=869"}],"curies":[{"name":"wp","href":"https:\/\/api.w.org\/{rel}","templated":true}]}}