{"id":1606,"date":"2024-02-01T15:15:15","date_gmt":"2024-02-01T18:15:15","guid":{"rendered":"https:\/\/livrariamaveshop.com.br\/?post_type=product&#038;p=1606"},"modified":"2024-02-01T15:26:03","modified_gmt":"2024-02-01T18:26:03","slug":"combo-mulheres","status":"publish","type":"product","link":"https:\/\/livrariamaveshop.com.br\/?product=combo-mulheres","title":{"rendered":"Combo Mulheres"},"content":{"rendered":"<p>Combo Mulheres<\/p>\n<ul>\n<li>Mulheres Improv\u00e1veis: As Mulheres Que Deus Est\u00e1 Levantando Neste Tempo &#8211; Viviane Martinello;<\/li>\n<li>Mulheres Enraizadas &#8211; Viviane Martinello;<\/li>\n<li>Voc\u00ea pode Ter o Que Voc\u00ea Diz! &#8211; Kenneth E. Hagin.<\/li>\n<\/ul>\n","protected":false},"excerpt":{"rendered":"<p>Combo Mulheres Mulheres Improv\u00e1veis: As Mulheres Que Deus Est\u00e1 Levantando Neste Tempo &#8211; Viviane Martinello; Mulheres Enraizadas &#8211; Viviane Martinello; Voc\u00ea pode Ter o Que Voc\u00ea Diz! &#8211; Kenneth E. Hagin.<\/p>\n","protected":false},"featured_media":1607,"comment_status":"closed","ping_status":"closed","template":"","meta":{"_joinchat":[]},"pwb-brand":[],"product_cat":[138],"product_tag":[],"class_list":{"0":"post-1606","1":"product","2":"type-product","3":"status-publish","4":"has-post-thumbnail","6":"product_cat-combos-promocionais","8":"first","9":"instock","10":"sale","11":"taxable","12":"shipping-taxable","13":"purchasable","14":"product-type-simple"},"brands":[],"_links":{"self":[{"href":"https:\/\/livrariamaveshop.com.br\/index.php?rest_route=\/wp\/v2\/product\/1606","targetHints":{"allow":["GET"]}}],"collection":[{"href":"https:\/\/livrariamaveshop.com.br\/index.php?rest_route=\/wp\/v2\/product"}],"about":[{"href":"https:\/\/livrariamaveshop.com.br\/index.php?rest_route=\/wp\/v2\/types\/product"}],"replies":[{"embeddable":true,"href":"https:\/\/livrariamaveshop.com.br\/index.php?rest_route=%2Fwp%2Fv2%2Fcomments&post=1606"}],"wp:featuredmedia":[{"embeddable":true,"href":"https:\/\/livrariamaveshop.com.br\/index.php?rest_route=\/wp\/v2\/media\/1607"}],"wp:attachment":[{"href":"https:\/\/livrariamaveshop.com.br\/index.php?rest_route=%2Fwp%2Fv2%2Fmedia&parent=1606"}],"wp:term":[{"taxonomy":"pwb-brand","embeddable":true,"href":"https:\/\/livrariamaveshop.com.br\/index.php?rest_route=%2Fwp%2Fv2%2Fpwb-brand&post=1606"},{"taxonomy":"product_cat","embeddable":true,"href":"https:\/\/livrariamaveshop.com.br\/index.php?rest_route=%2Fwp%2Fv2%2Fproduct_cat&post=1606"},{"taxonomy":"product_tag","embeddable":true,"href":"https:\/\/livrariamaveshop.com.br\/index.php?rest_route=%2Fwp%2Fv2%2Fproduct_tag&post=1606"}],"curies":[{"name":"wp","href":"https:\/\/api.w.org\/{rel}","templated":true}]}}