{"id":1604,"date":"2024-02-01T15:07:26","date_gmt":"2024-02-01T18:07:26","guid":{"rendered":"https:\/\/livrariamaveshop.com.br\/?post_type=product&#038;p=1604"},"modified":"2024-02-01T15:27:08","modified_gmt":"2024-02-01T18:27:08","slug":"combo-devocional","status":"publish","type":"product","link":"https:\/\/livrariamaveshop.com.br\/?product=combo-devocional","title":{"rendered":"Combo Devocional"},"content":{"rendered":"<p>Combo Devocional<\/p>\n<ul>\n<li>Caf\u00e9 Com Deus Pai &#8211; Junior Rostirola;<\/li>\n<li>F\u00e9 e Confiss\u00e3o &#8211; Charles Capps;<\/li>\n<li>O Esp\u00edrito Santo: Duas Experi\u00eancias &#8211; David Emigh.<\/li>\n<\/ul>\n","protected":false},"excerpt":{"rendered":"<p>Combo Devocional Caf\u00e9 Com Deus Pai &#8211; Junior Rostirola; F\u00e9 e Confiss\u00e3o &#8211; Charles Capps; O Esp\u00edrito Santo: Duas Experi\u00eancias &#8211; David Emigh.<\/p>\n","protected":false},"featured_media":1605,"comment_status":"closed","ping_status":"closed","template":"","meta":{"_joinchat":[]},"pwb-brand":[],"product_cat":[138],"product_tag":[],"class_list":{"0":"post-1604","1":"product","2":"type-product","3":"status-publish","4":"has-post-thumbnail","6":"product_cat-combos-promocionais","8":"first","9":"instock","10":"sale","11":"taxable","12":"shipping-taxable","13":"purchasable","14":"product-type-simple"},"brands":[],"_links":{"self":[{"href":"https:\/\/livrariamaveshop.com.br\/index.php?rest_route=\/wp\/v2\/product\/1604","targetHints":{"allow":["GET"]}}],"collection":[{"href":"https:\/\/livrariamaveshop.com.br\/index.php?rest_route=\/wp\/v2\/product"}],"about":[{"href":"https:\/\/livrariamaveshop.com.br\/index.php?rest_route=\/wp\/v2\/types\/product"}],"replies":[{"embeddable":true,"href":"https:\/\/livrariamaveshop.com.br\/index.php?rest_route=%2Fwp%2Fv2%2Fcomments&post=1604"}],"wp:featuredmedia":[{"embeddable":true,"href":"https:\/\/livrariamaveshop.com.br\/index.php?rest_route=\/wp\/v2\/media\/1605"}],"wp:attachment":[{"href":"https:\/\/livrariamaveshop.com.br\/index.php?rest_route=%2Fwp%2Fv2%2Fmedia&parent=1604"}],"wp:term":[{"taxonomy":"pwb-brand","embeddable":true,"href":"https:\/\/livrariamaveshop.com.br\/index.php?rest_route=%2Fwp%2Fv2%2Fpwb-brand&post=1604"},{"taxonomy":"product_cat","embeddable":true,"href":"https:\/\/livrariamaveshop.com.br\/index.php?rest_route=%2Fwp%2Fv2%2Fproduct_cat&post=1604"},{"taxonomy":"product_tag","embeddable":true,"href":"https:\/\/livrariamaveshop.com.br\/index.php?rest_route=%2Fwp%2Fv2%2Fproduct_tag&post=1604"}],"curies":[{"name":"wp","href":"https:\/\/api.w.org\/{rel}","templated":true}]}}