{"id":1601,"date":"2024-02-01T14:58:00","date_gmt":"2024-02-01T17:58:00","guid":{"rendered":"https:\/\/livrariamaveshop.com.br\/?post_type=product&#038;p=1601"},"modified":"2024-02-01T15:27:33","modified_gmt":"2024-02-01T18:27:33","slug":"combo-fe","status":"publish","type":"product","link":"https:\/\/livrariamaveshop.com.br\/?product=combo-fe","title":{"rendered":"Combo F\u00e9"},"content":{"rendered":"<p>Combo F\u00e9<\/p>\n<ul>\n<li>Experimente o Imposs\u00edvel: Formas Simples de Liberar o Poder do C\u00e9u na Terra &#8211; Bill Johson;<\/li>\n<li>Agarrando o Esp\u00edrito da F\u00e9 &#8211;\u00a0 Scott Webb;<\/li>\n<li>N\u00e3o Fale Negativo &#8211; Bud Wright.<\/li>\n<\/ul>\n","protected":false},"excerpt":{"rendered":"<p>Combo F\u00e9 Experimente o Imposs\u00edvel: Formas Simples de Liberar o Poder do C\u00e9u na Terra &#8211; Bill Johson; Agarrando o Esp\u00edrito da F\u00e9 &#8211;\u00a0 Scott Webb; N\u00e3o Fale Negativo &#8211; Bud Wright.<\/p>\n","protected":false},"featured_media":1603,"comment_status":"closed","ping_status":"closed","template":"","meta":{"_joinchat":[]},"pwb-brand":[],"product_cat":[138],"product_tag":[],"class_list":{"0":"post-1601","1":"product","2":"type-product","3":"status-publish","4":"has-post-thumbnail","6":"product_cat-combos-promocionais","8":"first","9":"instock","10":"sale","11":"taxable","12":"shipping-taxable","13":"purchasable","14":"product-type-simple"},"brands":[],"_links":{"self":[{"href":"https:\/\/livrariamaveshop.com.br\/index.php?rest_route=\/wp\/v2\/product\/1601","targetHints":{"allow":["GET"]}}],"collection":[{"href":"https:\/\/livrariamaveshop.com.br\/index.php?rest_route=\/wp\/v2\/product"}],"about":[{"href":"https:\/\/livrariamaveshop.com.br\/index.php?rest_route=\/wp\/v2\/types\/product"}],"replies":[{"embeddable":true,"href":"https:\/\/livrariamaveshop.com.br\/index.php?rest_route=%2Fwp%2Fv2%2Fcomments&post=1601"}],"wp:featuredmedia":[{"embeddable":true,"href":"https:\/\/livrariamaveshop.com.br\/index.php?rest_route=\/wp\/v2\/media\/1603"}],"wp:attachment":[{"href":"https:\/\/livrariamaveshop.com.br\/index.php?rest_route=%2Fwp%2Fv2%2Fmedia&parent=1601"}],"wp:term":[{"taxonomy":"pwb-brand","embeddable":true,"href":"https:\/\/livrariamaveshop.com.br\/index.php?rest_route=%2Fwp%2Fv2%2Fpwb-brand&post=1601"},{"taxonomy":"product_cat","embeddable":true,"href":"https:\/\/livrariamaveshop.com.br\/index.php?rest_route=%2Fwp%2Fv2%2Fproduct_cat&post=1601"},{"taxonomy":"product_tag","embeddable":true,"href":"https:\/\/livrariamaveshop.com.br\/index.php?rest_route=%2Fwp%2Fv2%2Fproduct_tag&post=1601"}],"curies":[{"name":"wp","href":"https:\/\/api.w.org\/{rel}","templated":true}]}}