{"id":1600,"date":"2024-02-01T14:39:18","date_gmt":"2024-02-01T17:39:18","guid":{"rendered":"https:\/\/livrariamaveshop.com.br\/?post_type=product&#038;p=1600"},"modified":"2024-02-01T15:28:00","modified_gmt":"2024-02-01T18:28:00","slug":"combo-familia","status":"publish","type":"product","link":"https:\/\/livrariamaveshop.com.br\/?product=combo-familia","title":{"rendered":"Combo Fam\u00edlia\u00a0"},"content":{"rendered":"<p>Combo Fam\u00edlia<\/p>\n<ul>\n<li>O Prop\u00f3sito da Fam\u00edlia: A import\u00e2ncia da vis\u00e3o familiar na rela\u00e7\u00e3o com Deus &#8211; Luciano Subir\u00e1.<\/li>\n<li>Di\u00e1rio de Ora\u00e7\u00e3o.<\/li>\n<li>A F\u00e9 que Opera Pelo Amor &#8211; Kenneth W. Hagin.<br \/>\n<h1 id=\"title\" class=\"a-spacing-none a-text-normal\"><\/h1>\n<\/li>\n<\/ul>\n","protected":false},"excerpt":{"rendered":"<p>Combo Fam\u00edlia O Prop\u00f3sito da Fam\u00edlia: A import\u00e2ncia da vis\u00e3o familiar na rela\u00e7\u00e3o com Deus &#8211; Luciano Subir\u00e1. Di\u00e1rio de Ora\u00e7\u00e3o. A F\u00e9 que Opera Pelo Amor &#8211; Kenneth W. Hagin.<\/p>\n","protected":false},"featured_media":1599,"comment_status":"closed","ping_status":"closed","template":"","meta":{"_joinchat":[]},"pwb-brand":[],"product_cat":[138],"product_tag":[],"class_list":{"0":"post-1600","1":"product","2":"type-product","3":"status-publish","4":"has-post-thumbnail","6":"product_cat-combos-promocionais","8":"first","9":"instock","10":"sale","11":"taxable","12":"shipping-taxable","13":"purchasable","14":"product-type-simple"},"brands":[],"_links":{"self":[{"href":"https:\/\/livrariamaveshop.com.br\/index.php?rest_route=\/wp\/v2\/product\/1600","targetHints":{"allow":["GET"]}}],"collection":[{"href":"https:\/\/livrariamaveshop.com.br\/index.php?rest_route=\/wp\/v2\/product"}],"about":[{"href":"https:\/\/livrariamaveshop.com.br\/index.php?rest_route=\/wp\/v2\/types\/product"}],"replies":[{"embeddable":true,"href":"https:\/\/livrariamaveshop.com.br\/index.php?rest_route=%2Fwp%2Fv2%2Fcomments&post=1600"}],"wp:featuredmedia":[{"embeddable":true,"href":"https:\/\/livrariamaveshop.com.br\/index.php?rest_route=\/wp\/v2\/media\/1599"}],"wp:attachment":[{"href":"https:\/\/livrariamaveshop.com.br\/index.php?rest_route=%2Fwp%2Fv2%2Fmedia&parent=1600"}],"wp:term":[{"taxonomy":"pwb-brand","embeddable":true,"href":"https:\/\/livrariamaveshop.com.br\/index.php?rest_route=%2Fwp%2Fv2%2Fpwb-brand&post=1600"},{"taxonomy":"product_cat","embeddable":true,"href":"https:\/\/livrariamaveshop.com.br\/index.php?rest_route=%2Fwp%2Fv2%2Fproduct_cat&post=1600"},{"taxonomy":"product_tag","embeddable":true,"href":"https:\/\/livrariamaveshop.com.br\/index.php?rest_route=%2Fwp%2Fv2%2Fproduct_tag&post=1600"}],"curies":[{"name":"wp","href":"https:\/\/api.w.org\/{rel}","templated":true}]}}