{"id":1551,"date":"2024-01-31T15:01:12","date_gmt":"2024-01-31T18:01:12","guid":{"rendered":"https:\/\/livrariamaveshop.com.br\/?post_type=product&#038;p=1551"},"modified":"2024-01-31T15:01:12","modified_gmt":"2024-01-31T18:01:12","slug":"biblia-shedd-vida-nova","status":"publish","type":"product","link":"https:\/\/livrariamaveshop.com.br\/?product=biblia-shedd-vida-nova","title":{"rendered":"B\u00edblia Shedd (Vida Nova)"},"content":{"rendered":"<p>A primeira\u00a0<strong>B\u00edblia de estudos<\/strong>\u00a0com notas totalmente desenvolvidas no contexto da igreja brasileira. &#8211; Cada livro da B\u00edblia \u00e9 aberto com uma introdu\u00e7\u00e3o desenvolvida pelo\u00a0<strong>Dr. Russell Shedd<\/strong>. Um minucioso esbo\u00e7o da estrutura do livro complementa o conjunto de ferramentas singulares da\u00a0<strong>B\u00edblia de Estudos Shedd<\/strong>. &#8211; S\u00e3o mais de 10 mil\u00a0<strong>coment\u00e1rios<\/strong>\u00a0em notas de rodap\u00e9 &#8211; Cont\u00e9m 117 p\u00e1ginas de\u00a0<strong>concord\u00e2ncia b\u00edblica<\/strong>: 15\u00a0<strong>mapas coloridos<\/strong>;\u00a0<strong>cronologia b\u00edblica<\/strong>;\u00a0<strong>tabela de pesos<\/strong>,<strong>\u00a0dinheiro e medidas<\/strong>. &#8211;\u00a0<strong>Centenas de notas explicativas que auxiliam o pregador ou l\u00edder de pequenos grupos na prepara\u00e7\u00e3o de serm\u00f5es e estudos.<\/strong><\/p>\n","protected":false},"excerpt":{"rendered":"<p>A primeira\u00a0B\u00edblia de estudos\u00a0com notas totalmente desenvolvidas no contexto da igreja brasileira. &#8211; Cada livro da B\u00edblia \u00e9 aberto com uma introdu\u00e7\u00e3o desenvolvida pelo\u00a0Dr. Russell Shedd. Um minucioso esbo\u00e7o da estrutura do livro complementa o conjunto de ferramentas singulares da\u00a0B\u00edblia de Estudos Shedd. &#8211; S\u00e3o mais de 10 mil\u00a0coment\u00e1rios\u00a0em notas de rodap\u00e9 &#8211; Cont\u00e9m 117 [&hellip;]<\/p>\n","protected":false},"featured_media":1552,"comment_status":"closed","ping_status":"closed","template":"","meta":{"_joinchat":[]},"pwb-brand":[],"product_cat":[19],"product_tag":[],"class_list":{"0":"post-1551","1":"product","2":"type-product","3":"status-publish","4":"has-post-thumbnail","6":"product_cat-biblias","8":"first","9":"instock","10":"taxable","11":"shipping-taxable","12":"purchasable","13":"product-type-simple"},"brands":[],"_links":{"self":[{"href":"https:\/\/livrariamaveshop.com.br\/index.php?rest_route=\/wp\/v2\/product\/1551","targetHints":{"allow":["GET"]}}],"collection":[{"href":"https:\/\/livrariamaveshop.com.br\/index.php?rest_route=\/wp\/v2\/product"}],"about":[{"href":"https:\/\/livrariamaveshop.com.br\/index.php?rest_route=\/wp\/v2\/types\/product"}],"replies":[{"embeddable":true,"href":"https:\/\/livrariamaveshop.com.br\/index.php?rest_route=%2Fwp%2Fv2%2Fcomments&post=1551"}],"wp:featuredmedia":[{"embeddable":true,"href":"https:\/\/livrariamaveshop.com.br\/index.php?rest_route=\/wp\/v2\/media\/1552"}],"wp:attachment":[{"href":"https:\/\/livrariamaveshop.com.br\/index.php?rest_route=%2Fwp%2Fv2%2Fmedia&parent=1551"}],"wp:term":[{"taxonomy":"pwb-brand","embeddable":true,"href":"https:\/\/livrariamaveshop.com.br\/index.php?rest_route=%2Fwp%2Fv2%2Fpwb-brand&post=1551"},{"taxonomy":"product_cat","embeddable":true,"href":"https:\/\/livrariamaveshop.com.br\/index.php?rest_route=%2Fwp%2Fv2%2Fproduct_cat&post=1551"},{"taxonomy":"product_tag","embeddable":true,"href":"https:\/\/livrariamaveshop.com.br\/index.php?rest_route=%2Fwp%2Fv2%2Fproduct_tag&post=1551"}],"curies":[{"name":"wp","href":"https:\/\/api.w.org\/{rel}","templated":true}]}}