{"id":1474,"date":"2024-01-24T11:54:15","date_gmt":"2024-01-24T14:54:15","guid":{"rendered":"https:\/\/livrariamaveshop.com.br\/?post_type=product&#038;p=1474"},"modified":"2024-01-24T11:54:15","modified_gmt":"2024-01-24T14:54:15","slug":"meu-plano-com-deus-permanente-devocional-e-pao-diario","status":"publish","type":"product","link":"https:\/\/livrariamaveshop.com.br\/?product=meu-plano-com-deus-permanente-devocional-e-pao-diario","title":{"rendered":"Meu Plano Com Deus Permanente (Devocional e P\u00e3o Di\u00e1rio)"},"content":{"rendered":"<p><strong>Plano devocional completo para sua vida com Deus<\/strong><\/p>\n<p>A Tua Palavra \u00e9 l\u00e2mpada que ilumina os meus passos.\u00a0<strong>Salmos 119:105<\/strong><\/p>\n<p><a href=\"https:\/\/www.plenitudedistribuidora.com.br\/planner-meu-plano-com-deus-tua-palavra-e-lampada-capa-dura-espiral-90511\"><strong>Meu plano com Deus<\/strong><\/a>\u00a0associa planejamento pessoal, defini\u00e7\u00e3o de metas e prioridades espirituais. Al\u00e9m das medita\u00e7\u00f5es di\u00e1rias, com espa\u00e7os para aplica\u00e7\u00e3o pessoal, ora\u00e7\u00e3o e gratid\u00e3o, este planner traz, mensalmente, campos para registro de motivos de ora\u00e7\u00e3o, relacionados a cada \u00e1rea da vida, e objetivos espirituais a cada semana, agenda para apontamentos de compromissos e datas importantes.<\/p>\n<p>Este planner \u00e9 um excelente recurso \u00e0 pr\u00e1tica do equil\u00edbrio entre a organiza\u00e7\u00e3o pessoal e a vida devocional. Se o fato de manter os compromissos em dia \u00e9 elementar para que os dias sejam mais produtivos, muito mais ainda crescer na comunh\u00e3o pessoal com Deus \u00e9 essencial para vivermos significativamente e menos estressante.<\/p>\n<p>O Planner Devocional anual da Publica\u00e7\u00f5es P\u00e3o Di\u00e1rio chegou, agora atemporal! Meu Plano com Deus desenvolvido para voc\u00ea, mulher que deseja centralizar organizadamente todos as suas tarefas e tamb\u00e9m conciliar seu tempo para um relacionamento mais profundo com Deus e, voc\u00ea pode come\u00e7ar quando quiser.<\/p>\n<p>Planeje seu dia e viva equilibradamente com Cristo no Centro da sua vida.<\/p>\n<ul>\n<li>Aux\u00edlio na organiza\u00e7\u00e3o das tarefas di\u00e1rias;<\/li>\n<li>Calend\u00e1rio com espa\u00e7os amplos para anota\u00e7\u00f5es, listas de tarefas e organiza\u00e7\u00e3o de agenda;<\/li>\n<li>Medita\u00e7\u00f5es do P\u00e3o Di\u00e1rio Mulheres para cada dia do ano;<\/li>\n<li>P\u00e1ginas coloridas e lindas cartelas de adesivos;<\/li>\n<li>Bolso pl\u00e1stico;<\/li>\n<li>Divis\u00f3rias para todos os meses<\/li>\n<\/ul>\n","protected":false},"excerpt":{"rendered":"<p>Plano devocional completo para sua vida com Deus A Tua Palavra \u00e9 l\u00e2mpada que ilumina os meus passos.\u00a0Salmos 119:105 Meu plano com Deus\u00a0associa planejamento pessoal, defini\u00e7\u00e3o de metas e prioridades espirituais. Al\u00e9m das medita\u00e7\u00f5es di\u00e1rias, com espa\u00e7os para aplica\u00e7\u00e3o pessoal, ora\u00e7\u00e3o e gratid\u00e3o, este planner traz, mensalmente, campos para registro de motivos de ora\u00e7\u00e3o, relacionados [&hellip;]<\/p>\n","protected":false},"featured_media":1475,"comment_status":"closed","ping_status":"closed","template":"","meta":{"_joinchat":[]},"pwb-brand":[],"product_cat":[20,124,104],"product_tag":[],"class_list":{"0":"post-1474","1":"product","2":"type-product","3":"status-publish","4":"has-post-thumbnail","6":"product_cat-devocionais","7":"product_cat-pao-diario","8":"product_cat-planner","9":"product_shipping_class-geral","11":"first","12":"instock","13":"taxable","14":"shipping-taxable","15":"purchasable","16":"product-type-simple"},"brands":[],"_links":{"self":[{"href":"https:\/\/livrariamaveshop.com.br\/index.php?rest_route=\/wp\/v2\/product\/1474","targetHints":{"allow":["GET"]}}],"collection":[{"href":"https:\/\/livrariamaveshop.com.br\/index.php?rest_route=\/wp\/v2\/product"}],"about":[{"href":"https:\/\/livrariamaveshop.com.br\/index.php?rest_route=\/wp\/v2\/types\/product"}],"replies":[{"embeddable":true,"href":"https:\/\/livrariamaveshop.com.br\/index.php?rest_route=%2Fwp%2Fv2%2Fcomments&post=1474"}],"wp:featuredmedia":[{"embeddable":true,"href":"https:\/\/livrariamaveshop.com.br\/index.php?rest_route=\/wp\/v2\/media\/1475"}],"wp:attachment":[{"href":"https:\/\/livrariamaveshop.com.br\/index.php?rest_route=%2Fwp%2Fv2%2Fmedia&parent=1474"}],"wp:term":[{"taxonomy":"pwb-brand","embeddable":true,"href":"https:\/\/livrariamaveshop.com.br\/index.php?rest_route=%2Fwp%2Fv2%2Fpwb-brand&post=1474"},{"taxonomy":"product_cat","embeddable":true,"href":"https:\/\/livrariamaveshop.com.br\/index.php?rest_route=%2Fwp%2Fv2%2Fproduct_cat&post=1474"},{"taxonomy":"product_tag","embeddable":true,"href":"https:\/\/livrariamaveshop.com.br\/index.php?rest_route=%2Fwp%2Fv2%2Fproduct_tag&post=1474"}],"curies":[{"name":"wp","href":"https:\/\/api.w.org\/{rel}","templated":true}]}}