{"id":1363,"date":"2024-01-18T17:57:11","date_gmt":"2024-01-18T20:57:11","guid":{"rendered":"https:\/\/livrariamaveshop.com.br\/?post_type=product&#038;p=1363"},"modified":"2024-02-02T16:09:22","modified_gmt":"2024-02-02T19:09:22","slug":"1363","status":"publish","type":"product","link":"https:\/\/livrariamaveshop.com.br\/?product=1363","title":{"rendered":"Fome de Deus"},"content":{"rendered":"<p>Fome de Deus \u00e9 algo real nos nossos dias.Deus deseja matar essa fome na vida dos homens declaradamente necessitados.Homens que chegam a assumir essa atitude s\u00e3o os candidatos preferidos por Deus para saciar a fome espiritual que assola a humanidade.Pessoas que se alimentam da sufici\u00eancia de Deus vivem com prop\u00f3sito e firmes em meio \u00e0s mais diversas fases da vida.<\/p>\n","protected":false},"excerpt":{"rendered":"<p>Fome de Deus \u00e9 algo real nos nossos dias.Deus deseja matar essa fome na vida dos homens declaradamente necessitados.Homens que chegam a assumir essa atitude s\u00e3o os candidatos preferidos por Deus para saciar a fome espiritual que assola a humanidade.Pessoas que se alimentam da sufici\u00eancia de Deus vivem com prop\u00f3sito e firmes em meio \u00e0s [&hellip;]<\/p>\n","protected":false},"featured_media":1621,"comment_status":"closed","ping_status":"closed","template":"","meta":{"_joinchat":[]},"pwb-brand":[44],"product_cat":[73,86],"product_tag":[],"class_list":{"0":"post-1363","1":"product","2":"type-product","3":"status-publish","4":"has-post-thumbnail","6":"pwb-brand-hernandes-dias-lopes","7":"product_cat-cura","8":"product_cat-evangelizacao","9":"product_shipping_class-geral","11":"first","12":"instock","13":"taxable","14":"shipping-taxable","15":"purchasable","16":"product-type-simple"},"brands":[{"id":44,"name":"HERNANDES DIAS LOPES","slug":"hernandes-dias-lopes"}],"_links":{"self":[{"href":"https:\/\/livrariamaveshop.com.br\/index.php?rest_route=\/wp\/v2\/product\/1363","targetHints":{"allow":["GET"]}}],"collection":[{"href":"https:\/\/livrariamaveshop.com.br\/index.php?rest_route=\/wp\/v2\/product"}],"about":[{"href":"https:\/\/livrariamaveshop.com.br\/index.php?rest_route=\/wp\/v2\/types\/product"}],"replies":[{"embeddable":true,"href":"https:\/\/livrariamaveshop.com.br\/index.php?rest_route=%2Fwp%2Fv2%2Fcomments&post=1363"}],"wp:featuredmedia":[{"embeddable":true,"href":"https:\/\/livrariamaveshop.com.br\/index.php?rest_route=\/wp\/v2\/media\/1621"}],"wp:attachment":[{"href":"https:\/\/livrariamaveshop.com.br\/index.php?rest_route=%2Fwp%2Fv2%2Fmedia&parent=1363"}],"wp:term":[{"taxonomy":"pwb-brand","embeddable":true,"href":"https:\/\/livrariamaveshop.com.br\/index.php?rest_route=%2Fwp%2Fv2%2Fpwb-brand&post=1363"},{"taxonomy":"product_cat","embeddable":true,"href":"https:\/\/livrariamaveshop.com.br\/index.php?rest_route=%2Fwp%2Fv2%2Fproduct_cat&post=1363"},{"taxonomy":"product_tag","embeddable":true,"href":"https:\/\/livrariamaveshop.com.br\/index.php?rest_route=%2Fwp%2Fv2%2Fproduct_tag&post=1363"}],"curies":[{"name":"wp","href":"https:\/\/api.w.org\/{rel}","templated":true}]}}