{"id":1342,"date":"2024-01-18T17:50:35","date_gmt":"2024-01-18T20:50:35","guid":{"rendered":"https:\/\/livrariamaveshop.com.br\/?post_type=product&#038;p=1342"},"modified":"2024-01-18T17:50:35","modified_gmt":"2024-01-18T20:50:35","slug":"viva-na-quarta-dimensao","status":"publish","type":"product","link":"https:\/\/livrariamaveshop.com.br\/?product=viva-na-quarta-dimensao","title":{"rendered":"Viva na Quarta Dimens\u00e3o"},"content":{"rendered":"<div class=\"a-expander-content a-expander-partial-collapse-content\" aria-expanded=\"false\">\n<p>A quarta dimens\u00e3o n\u00e3o \u00e9 outra coisa sen\u00e3o a dimens\u00e3o espiritual. O resultado do que se v\u00ea aqui depois de 50 anos de minist\u00e9rio n\u00e3o \u00e9 produto de estudo pessoal ou pesquisa de um estudioso, mas o segredo do que foi revelado a um homem em comunh\u00e3o com o Esp\u00edrito Santo. Pastor Cho, sem nenhuma sombra de ego\u00edsmo, tem se dedicado a compartilhar pacientemente os princ\u00edpios que tornaram mundialmente conhecida a Yoido Full Gospel Church, ao mesmo tempo que encoraja ministros de qualquer origem a obter os mesmos resultados em seu pr\u00f3prio pa\u00eds e igreja.<\/p>\n<\/div>\n<div class=\"a-expander-header a-expander-partial-collapse-header\"><\/div>\n","protected":false},"excerpt":{"rendered":"<p>A quarta dimens\u00e3o n\u00e3o \u00e9 outra coisa sen\u00e3o a dimens\u00e3o espiritual. O resultado do que se v\u00ea aqui depois de 50 anos de minist\u00e9rio n\u00e3o \u00e9 produto de estudo pessoal ou pesquisa de um estudioso, mas o segredo do que foi revelado a um homem em comunh\u00e3o com o Esp\u00edrito Santo. Pastor Cho, sem nenhuma [&hellip;]<\/p>\n","protected":false},"featured_media":1354,"comment_status":"closed","ping_status":"closed","template":"","meta":{"_joinchat":[]},"pwb-brand":[79],"product_cat":[66],"product_tag":[],"class_list":{"0":"post-1342","1":"product","2":"type-product","3":"status-publish","4":"has-post-thumbnail","6":"pwb-brand-david-paul-yonggi-cho","7":"product_cat-espirito-santo","8":"product_shipping_class-geral","10":"first","11":"instock","12":"taxable","13":"shipping-taxable","14":"purchasable","15":"product-type-simple"},"brands":[{"id":79,"name":"DAVID PAUL YONGGI CHO","slug":"david-paul-yonggi-cho"}],"_links":{"self":[{"href":"https:\/\/livrariamaveshop.com.br\/index.php?rest_route=\/wp\/v2\/product\/1342","targetHints":{"allow":["GET"]}}],"collection":[{"href":"https:\/\/livrariamaveshop.com.br\/index.php?rest_route=\/wp\/v2\/product"}],"about":[{"href":"https:\/\/livrariamaveshop.com.br\/index.php?rest_route=\/wp\/v2\/types\/product"}],"replies":[{"embeddable":true,"href":"https:\/\/livrariamaveshop.com.br\/index.php?rest_route=%2Fwp%2Fv2%2Fcomments&post=1342"}],"wp:featuredmedia":[{"embeddable":true,"href":"https:\/\/livrariamaveshop.com.br\/index.php?rest_route=\/wp\/v2\/media\/1354"}],"wp:attachment":[{"href":"https:\/\/livrariamaveshop.com.br\/index.php?rest_route=%2Fwp%2Fv2%2Fmedia&parent=1342"}],"wp:term":[{"taxonomy":"pwb-brand","embeddable":true,"href":"https:\/\/livrariamaveshop.com.br\/index.php?rest_route=%2Fwp%2Fv2%2Fpwb-brand&post=1342"},{"taxonomy":"product_cat","embeddable":true,"href":"https:\/\/livrariamaveshop.com.br\/index.php?rest_route=%2Fwp%2Fv2%2Fproduct_cat&post=1342"},{"taxonomy":"product_tag","embeddable":true,"href":"https:\/\/livrariamaveshop.com.br\/index.php?rest_route=%2Fwp%2Fv2%2Fproduct_tag&post=1342"}],"curies":[{"name":"wp","href":"https:\/\/api.w.org\/{rel}","templated":true}]}}