{"id":1287,"date":"2024-01-18T17:13:05","date_gmt":"2024-01-18T20:13:05","guid":{"rendered":"https:\/\/livrariamaveshop.com.br\/?post_type=product&#038;p=1287"},"modified":"2024-01-18T17:13:05","modified_gmt":"2024-01-18T20:13:05","slug":"um-coracao-ardente","status":"publish","type":"product","link":"https:\/\/livrariamaveshop.com.br\/?product=um-coracao-ardente","title":{"rendered":"Um Cora\u00e7\u00e3o Ardente"},"content":{"rendered":"<p>Jesus nunca aceitou mornid\u00e3o. Pelo contr\u00e1rio, Ele requer paix\u00e3o! Por\u00e9m, de onde obteremos o fogo que incendeia nosso relacionamento com Ele? Ele nunca exige algo de n\u00f3s sem antes nos capacitar para faz\u00ea-lo. Se voc\u00ea sente que um relaciona-mento \u00edntimo com Ele \u00e9 inating\u00edvel, este livro o mostrar\u00e1 o contr\u00e1rio.<\/p>\n<p>John Bevere, autor e professor b\u00edblico conhecido internacionalmente, desa\ufb01a voc\u00ea a trocar um relacionamento morno e med\u00edocre com Deus por um relacionamento vibrante, com o fogo santo de Deus. Um Cora\u00e7\u00e3o Ardente oferece percep\u00e7\u00f5es impres-sionantes, formuladas por ensinamentos bem elaborados que o ajudar\u00e3o a manter o amor por Deus. Leia e permita que o Esp\u00edrito Santo o transforme, enquanto o fogo da santidade de Deus toca as profundezas de sua alma.<\/p>\n<p>N\u00e3o importa onde voc\u00ea esteja em sua caminhada com Deus; se voc\u00ea considerar as palavras deste livro, ele transformar\u00e1 sua vida. Este \u00e9 um livro essencial para aqueles que desejam um relacionamento mais \u00edntimo com Deus!<\/p>\n","protected":false},"excerpt":{"rendered":"<p>Jesus nunca aceitou mornid\u00e3o. Pelo contr\u00e1rio, Ele requer paix\u00e3o! Por\u00e9m, de onde obteremos o fogo que incendeia nosso relacionamento com Ele? Ele nunca exige algo de n\u00f3s sem antes nos capacitar para faz\u00ea-lo. Se voc\u00ea sente que um relaciona-mento \u00edntimo com Ele \u00e9 inating\u00edvel, este livro o mostrar\u00e1 o contr\u00e1rio. John Bevere, autor e professor [&hellip;]<\/p>\n","protected":false},"featured_media":1288,"comment_status":"closed","ping_status":"closed","template":"","meta":{"_joinchat":[]},"pwb-brand":[57],"product_cat":[66],"product_tag":[],"class_list":{"0":"post-1287","1":"product","2":"type-product","3":"status-publish","4":"has-post-thumbnail","6":"pwb-brand-john-bevere","7":"product_cat-espirito-santo","8":"product_shipping_class-geral","10":"first","11":"instock","12":"taxable","13":"shipping-taxable","14":"purchasable","15":"product-type-simple"},"brands":[{"id":57,"name":"JOHN BEVERE","slug":"john-bevere"}],"_links":{"self":[{"href":"https:\/\/livrariamaveshop.com.br\/index.php?rest_route=\/wp\/v2\/product\/1287","targetHints":{"allow":["GET"]}}],"collection":[{"href":"https:\/\/livrariamaveshop.com.br\/index.php?rest_route=\/wp\/v2\/product"}],"about":[{"href":"https:\/\/livrariamaveshop.com.br\/index.php?rest_route=\/wp\/v2\/types\/product"}],"replies":[{"embeddable":true,"href":"https:\/\/livrariamaveshop.com.br\/index.php?rest_route=%2Fwp%2Fv2%2Fcomments&post=1287"}],"wp:featuredmedia":[{"embeddable":true,"href":"https:\/\/livrariamaveshop.com.br\/index.php?rest_route=\/wp\/v2\/media\/1288"}],"wp:attachment":[{"href":"https:\/\/livrariamaveshop.com.br\/index.php?rest_route=%2Fwp%2Fv2%2Fmedia&parent=1287"}],"wp:term":[{"taxonomy":"pwb-brand","embeddable":true,"href":"https:\/\/livrariamaveshop.com.br\/index.php?rest_route=%2Fwp%2Fv2%2Fpwb-brand&post=1287"},{"taxonomy":"product_cat","embeddable":true,"href":"https:\/\/livrariamaveshop.com.br\/index.php?rest_route=%2Fwp%2Fv2%2Fproduct_cat&post=1287"},{"taxonomy":"product_tag","embeddable":true,"href":"https:\/\/livrariamaveshop.com.br\/index.php?rest_route=%2Fwp%2Fv2%2Fproduct_tag&post=1287"}],"curies":[{"name":"wp","href":"https:\/\/api.w.org\/{rel}","templated":true}]}}