{"id":1236,"date":"2024-01-18T16:17:27","date_gmt":"2024-01-18T19:17:27","guid":{"rendered":"https:\/\/livrariamaveshop.com.br\/?post_type=product&#038;p=1236"},"modified":"2024-02-02T16:05:01","modified_gmt":"2024-02-02T19:05:01","slug":"sacerdocio-igreja-e-reino","status":"publish","type":"product","link":"https:\/\/livrariamaveshop.com.br\/?product=sacerdocio-igreja-e-reino","title":{"rendered":"Sacerd\u00f3cio, Igreja e Reino"},"content":{"rendered":"<p>Esta obra nos convida exatamente a voltarmos \u00e0 Palavra, \u00e0 verdade que liberta, a sermos sacerdotes, atrairmos o Reino e levarmos nossas vestes para estarmos prontos, com nosso azeite, \u00e0 espera do Noivo. E, enquanto Ele n\u00e3o vem, que sejamos disc\u00edpulos, multiplicadores dessa verdade, preparando os filhos e gerando governo na Terra, para que a gl\u00f3ria de Deus se manifeste entre n\u00f3s com j\u00fabilo, n\u00e3o como peso.<\/p>\n","protected":false},"excerpt":{"rendered":"<p>Esta obra nos convida exatamente a voltarmos \u00e0 Palavra, \u00e0 verdade que liberta, a sermos sacerdotes, atrairmos o Reino e levarmos nossas vestes para estarmos prontos, com nosso azeite, \u00e0 espera do Noivo. E, enquanto Ele n\u00e3o vem, que sejamos disc\u00edpulos, multiplicadores dessa verdade, preparando os filhos e gerando governo na Terra, para que a [&hellip;]<\/p>\n","protected":false},"featured_media":1619,"comment_status":"closed","ping_status":"closed","template":"","meta":{"_joinchat":[]},"pwb-brand":[81],"product_cat":[89,76],"product_tag":[],"class_list":{"0":"post-1236","1":"product","2":"type-product","3":"status-publish","4":"has-post-thumbnail","6":"pwb-brand-luiz-herminio","7":"product_cat-ceu","8":"product_cat-igreja","9":"product_shipping_class-geral","11":"first","12":"instock","13":"taxable","14":"shipping-taxable","15":"purchasable","16":"product-type-simple"},"brands":[{"id":81,"name":"LUIZ HERMINIO","slug":"luiz-herminio"}],"_links":{"self":[{"href":"https:\/\/livrariamaveshop.com.br\/index.php?rest_route=\/wp\/v2\/product\/1236","targetHints":{"allow":["GET"]}}],"collection":[{"href":"https:\/\/livrariamaveshop.com.br\/index.php?rest_route=\/wp\/v2\/product"}],"about":[{"href":"https:\/\/livrariamaveshop.com.br\/index.php?rest_route=\/wp\/v2\/types\/product"}],"replies":[{"embeddable":true,"href":"https:\/\/livrariamaveshop.com.br\/index.php?rest_route=%2Fwp%2Fv2%2Fcomments&post=1236"}],"wp:featuredmedia":[{"embeddable":true,"href":"https:\/\/livrariamaveshop.com.br\/index.php?rest_route=\/wp\/v2\/media\/1619"}],"wp:attachment":[{"href":"https:\/\/livrariamaveshop.com.br\/index.php?rest_route=%2Fwp%2Fv2%2Fmedia&parent=1236"}],"wp:term":[{"taxonomy":"pwb-brand","embeddable":true,"href":"https:\/\/livrariamaveshop.com.br\/index.php?rest_route=%2Fwp%2Fv2%2Fpwb-brand&post=1236"},{"taxonomy":"product_cat","embeddable":true,"href":"https:\/\/livrariamaveshop.com.br\/index.php?rest_route=%2Fwp%2Fv2%2Fproduct_cat&post=1236"},{"taxonomy":"product_tag","embeddable":true,"href":"https:\/\/livrariamaveshop.com.br\/index.php?rest_route=%2Fwp%2Fv2%2Fproduct_tag&post=1236"}],"curies":[{"name":"wp","href":"https:\/\/api.w.org\/{rel}","templated":true}]}}