{"id":1228,"date":"2024-01-18T16:08:44","date_gmt":"2024-01-18T19:08:44","guid":{"rendered":"https:\/\/livrariamaveshop.com.br\/?post_type=product&#038;p=1228"},"modified":"2024-01-18T16:08:45","modified_gmt":"2024-01-18T19:08:45","slug":"transforme-os-sonhos-que-deus-lhe-deu-em-realidade","status":"publish","type":"product","link":"https:\/\/livrariamaveshop.com.br\/?product=transforme-os-sonhos-que-deus-lhe-deu-em-realidade","title":{"rendered":"Transforme os Sonhos que Deus lhe Deu Em Realidade"},"content":{"rendered":"<p>Voc\u00ea tem um sonho t\u00e3o grande que parece imposs\u00edvel de se realizar, mas ele consome seu cora\u00e7\u00e3o, suas ora\u00e7\u00f5es e seus pensamentos, enfim, simplesmente n\u00e3o sai de dentro de voc\u00ea? Talvez Deus tenha plantado o sonho dele dentro do seu esp\u00edrito e da sua alma, e os pensamentos dele sobre esse sonho estejam tentando vir \u00e0 tona. Talvez o des\u00edgnio divino gravado no mais profundo do seu interior esteja come\u00e7ando a formar uma imagem, inspirando-o a faz\u00ea-lo acontecer. Transforme os Sonhos que Deus lhe Deu Em Realidade ajudar\u00e1 voc\u00ea a identificar o plano de Deus para sua vida e lhe mostrar\u00e1 como sair da dimens\u00e3o dos sonhos para a dimens\u00e3o da realidade<\/p>\n","protected":false},"excerpt":{"rendered":"<p>Voc\u00ea tem um sonho t\u00e3o grande que parece imposs\u00edvel de se realizar, mas ele consome seu cora\u00e7\u00e3o, suas ora\u00e7\u00f5es e seus pensamentos, enfim, simplesmente n\u00e3o sai de dentro de voc\u00ea? Talvez Deus tenha plantado o sonho dele dentro do seu esp\u00edrito e da sua alma, e os pensamentos dele sobre esse sonho estejam tentando vir [&hellip;]<\/p>\n","protected":false},"featured_media":1230,"comment_status":"closed","ping_status":"closed","template":"","meta":{"_joinchat":[]},"pwb-brand":[43],"product_cat":[107],"product_tag":[],"class_list":{"0":"post-1228","1":"product","2":"type-product","3":"status-publish","4":"has-post-thumbnail","6":"pwb-brand-kenneth-e-hagin","7":"product_cat-profetico","8":"product_shipping_class-geral","10":"first","11":"instock","12":"taxable","13":"shipping-taxable","14":"purchasable","15":"product-type-simple"},"brands":[{"id":43,"name":"KENNETH E. HAGIN","slug":"kenneth-e-hagin"}],"_links":{"self":[{"href":"https:\/\/livrariamaveshop.com.br\/index.php?rest_route=\/wp\/v2\/product\/1228","targetHints":{"allow":["GET"]}}],"collection":[{"href":"https:\/\/livrariamaveshop.com.br\/index.php?rest_route=\/wp\/v2\/product"}],"about":[{"href":"https:\/\/livrariamaveshop.com.br\/index.php?rest_route=\/wp\/v2\/types\/product"}],"replies":[{"embeddable":true,"href":"https:\/\/livrariamaveshop.com.br\/index.php?rest_route=%2Fwp%2Fv2%2Fcomments&post=1228"}],"wp:featuredmedia":[{"embeddable":true,"href":"https:\/\/livrariamaveshop.com.br\/index.php?rest_route=\/wp\/v2\/media\/1230"}],"wp:attachment":[{"href":"https:\/\/livrariamaveshop.com.br\/index.php?rest_route=%2Fwp%2Fv2%2Fmedia&parent=1228"}],"wp:term":[{"taxonomy":"pwb-brand","embeddable":true,"href":"https:\/\/livrariamaveshop.com.br\/index.php?rest_route=%2Fwp%2Fv2%2Fpwb-brand&post=1228"},{"taxonomy":"product_cat","embeddable":true,"href":"https:\/\/livrariamaveshop.com.br\/index.php?rest_route=%2Fwp%2Fv2%2Fproduct_cat&post=1228"},{"taxonomy":"product_tag","embeddable":true,"href":"https:\/\/livrariamaveshop.com.br\/index.php?rest_route=%2Fwp%2Fv2%2Fproduct_tag&post=1228"}],"curies":[{"name":"wp","href":"https:\/\/api.w.org\/{rel}","templated":true}]}}