{"id":1221,"date":"2024-01-18T15:59:13","date_gmt":"2024-01-18T18:59:13","guid":{"rendered":"https:\/\/livrariamaveshop.com.br\/?post_type=product&#038;p=1221"},"modified":"2024-01-24T13:37:53","modified_gmt":"2024-01-24T16:37:53","slug":"desmascarando-o-espirito-de-jezabel","status":"publish","type":"product","link":"https:\/\/livrariamaveshop.com.br\/?product=desmascarando-o-espirito-de-jezabel","title":{"rendered":"Desmascarando o Espirito de Jezabel"},"content":{"rendered":"<p>Neste novo livro, John Paul Jackson desmascara o esp\u00edrito de Jezabel. Conhe\u00e7a os seus modos de operar na vida das pessoas e nas igrejas e o ant\u00eddoto divino para ele. Este livro est\u00e1 recheado de relatos s\u00e9rios e verdadeiramente espantosos. O esp\u00edritode Jezabel \u00e9 um poder celestial de influ\u00eancia mundial.<\/p>\n","protected":false},"excerpt":{"rendered":"<p>Neste novo livro, John Paul Jackson desmascara o esp\u00edrito de Jezabel. Conhe\u00e7a os seus modos de operar na vida das pessoas e nas igrejas e o ant\u00eddoto divino para ele. Este livro est\u00e1 recheado de relatos s\u00e9rios e verdadeiramente espantosos. O esp\u00edritode Jezabel \u00e9 um poder celestial de influ\u00eancia mundial.<\/p>\n","protected":false},"featured_media":1223,"comment_status":"closed","ping_status":"closed","template":"","meta":{"_joinchat":[]},"pwb-brand":[108],"product_cat":[76],"product_tag":[],"class_list":{"0":"post-1221","1":"product","2":"type-product","3":"status-publish","4":"has-post-thumbnail","6":"pwb-brand-john-paul-jackson","7":"product_cat-igreja","8":"product_shipping_class-geral","10":"first","11":"instock","12":"taxable","13":"shipping-taxable","14":"purchasable","15":"product-type-simple"},"brands":[{"id":108,"name":"JOHN PAUL JACKSON","slug":"john-paul-jackson"}],"_links":{"self":[{"href":"https:\/\/livrariamaveshop.com.br\/index.php?rest_route=\/wp\/v2\/product\/1221","targetHints":{"allow":["GET"]}}],"collection":[{"href":"https:\/\/livrariamaveshop.com.br\/index.php?rest_route=\/wp\/v2\/product"}],"about":[{"href":"https:\/\/livrariamaveshop.com.br\/index.php?rest_route=\/wp\/v2\/types\/product"}],"replies":[{"embeddable":true,"href":"https:\/\/livrariamaveshop.com.br\/index.php?rest_route=%2Fwp%2Fv2%2Fcomments&post=1221"}],"wp:featuredmedia":[{"embeddable":true,"href":"https:\/\/livrariamaveshop.com.br\/index.php?rest_route=\/wp\/v2\/media\/1223"}],"wp:attachment":[{"href":"https:\/\/livrariamaveshop.com.br\/index.php?rest_route=%2Fwp%2Fv2%2Fmedia&parent=1221"}],"wp:term":[{"taxonomy":"pwb-brand","embeddable":true,"href":"https:\/\/livrariamaveshop.com.br\/index.php?rest_route=%2Fwp%2Fv2%2Fpwb-brand&post=1221"},{"taxonomy":"product_cat","embeddable":true,"href":"https:\/\/livrariamaveshop.com.br\/index.php?rest_route=%2Fwp%2Fv2%2Fproduct_cat&post=1221"},{"taxonomy":"product_tag","embeddable":true,"href":"https:\/\/livrariamaveshop.com.br\/index.php?rest_route=%2Fwp%2Fv2%2Fproduct_tag&post=1221"}],"curies":[{"name":"wp","href":"https:\/\/api.w.org\/{rel}","templated":true}]}}