{"id":1210,"date":"2024-01-18T15:41:42","date_gmt":"2024-01-18T18:41:42","guid":{"rendered":"https:\/\/livrariamaveshop.com.br\/?post_type=product&#038;p=1210"},"modified":"2024-01-24T13:40:18","modified_gmt":"2024-01-24T16:40:18","slug":"relacionamentos-importam","status":"publish","type":"product","link":"https:\/\/livrariamaveshop.com.br\/?product=relacionamentos-importam","title":{"rendered":"Relacionamentos Importam"},"content":{"rendered":"<p>Todos n\u00f3s ansiamos por relacionamentos significativos, mas tamb\u00e9m queremos evitar repetir a dor e as decep\u00e7\u00f5es do passado. Este livro se inspirou nas li\u00e7\u00f5es reveladas atrav\u00e9s das amizades que o ap\u00f3stolo Paulo teve durante sua impressionante jornada de vida.<br \/>\nVoc\u00ea aprender\u00e1 sobre as habilidades interpessoais que Paulo empregava ao lidar com todos os tipos de intera\u00e7\u00f5es entre indiv\u00edduos, tanto boas quanto m\u00e1s. Nas palavras finais de sua \u00faltima carta, o ap\u00f3stolo nos ensina a partir de suas experi\u00eancias como administrar oito relacionamentos essenciais:<\/p>\n<p>\u2022 Relacionamento Com Voc\u00ea Mesmo<br \/>\n\u2022 Relacionamento Com um Filho na F\u00e9<br \/>\n\u2022 Relacionamentos Que Decepcionam<br \/>\n\u2022 Relacionamentos a Dist\u00e2ncia<br \/>\n\u2022 Relacionamentos Com os Fi\u00e9is<br \/>\n\u2022 Relacionamentos Estremecidos<br \/>\n\u2022 Relacionamentos T\u00f3xicos<br \/>\n\u2022 O Relacionamento Fundamental<\/p>\n<p>O Esp\u00edrito Santo quer nos ajudar a construir relacionamentos positivos, a receber sabedoria sobre como superar desafios e aprender a evitar armadilhas nas rela\u00e7\u00f5es interpessoais.<\/p>\n","protected":false},"excerpt":{"rendered":"<p>Todos n\u00f3s ansiamos por relacionamentos significativos, mas tamb\u00e9m queremos evitar repetir a dor e as decep\u00e7\u00f5es do passado. Este livro se inspirou nas li\u00e7\u00f5es reveladas atrav\u00e9s das amizades que o ap\u00f3stolo Paulo teve durante sua impressionante jornada de vida. Voc\u00ea aprender\u00e1 sobre as habilidades interpessoais que Paulo empregava ao lidar com todos os tipos de [&hellip;]<\/p>\n","protected":false},"featured_media":1212,"comment_status":"closed","ping_status":"closed","template":"","meta":{"_joinchat":[]},"pwb-brand":[],"product_cat":[128],"product_tag":[],"class_list":{"0":"post-1210","1":"product","2":"type-product","3":"status-publish","4":"has-post-thumbnail","6":"product_cat-relacionamentos","7":"product_shipping_class-geral","9":"first","10":"instock","11":"taxable","12":"shipping-taxable","13":"purchasable","14":"product-type-simple"},"brands":[],"_links":{"self":[{"href":"https:\/\/livrariamaveshop.com.br\/index.php?rest_route=\/wp\/v2\/product\/1210","targetHints":{"allow":["GET"]}}],"collection":[{"href":"https:\/\/livrariamaveshop.com.br\/index.php?rest_route=\/wp\/v2\/product"}],"about":[{"href":"https:\/\/livrariamaveshop.com.br\/index.php?rest_route=\/wp\/v2\/types\/product"}],"replies":[{"embeddable":true,"href":"https:\/\/livrariamaveshop.com.br\/index.php?rest_route=%2Fwp%2Fv2%2Fcomments&post=1210"}],"wp:featuredmedia":[{"embeddable":true,"href":"https:\/\/livrariamaveshop.com.br\/index.php?rest_route=\/wp\/v2\/media\/1212"}],"wp:attachment":[{"href":"https:\/\/livrariamaveshop.com.br\/index.php?rest_route=%2Fwp%2Fv2%2Fmedia&parent=1210"}],"wp:term":[{"taxonomy":"pwb-brand","embeddable":true,"href":"https:\/\/livrariamaveshop.com.br\/index.php?rest_route=%2Fwp%2Fv2%2Fpwb-brand&post=1210"},{"taxonomy":"product_cat","embeddable":true,"href":"https:\/\/livrariamaveshop.com.br\/index.php?rest_route=%2Fwp%2Fv2%2Fproduct_cat&post=1210"},{"taxonomy":"product_tag","embeddable":true,"href":"https:\/\/livrariamaveshop.com.br\/index.php?rest_route=%2Fwp%2Fv2%2Fproduct_tag&post=1210"}],"curies":[{"name":"wp","href":"https:\/\/api.w.org\/{rel}","templated":true}]}}