{"id":1187,"date":"2024-01-18T14:23:35","date_gmt":"2024-01-18T17:23:35","guid":{"rendered":"https:\/\/livrariamaveshop.com.br\/?post_type=product&#038;p=1187"},"modified":"2024-01-18T14:23:35","modified_gmt":"2024-01-18T17:23:35","slug":"paulo-o-maior-lider-do-cristianismo","status":"publish","type":"product","link":"https:\/\/livrariamaveshop.com.br\/?product=paulo-o-maior-lider-do-cristianismo","title":{"rendered":"Paulo, o Maior L\u00edder do Cristianismo"},"content":{"rendered":"<p>Quem era esse homem que provocava verdadeiras revolu\u00e7\u00f5es por onde passava? Quais eram suas credenciais? Quem eram seus pais? Onde nasceu? Como foi educado? Que convic\u00e7\u00f5es religiosas nortearam-lhe os passos? Suas cartas ainda falam. Sua voz p\u00f3stuma \u00e9 poderosa.<\/p>\n<p>Milh\u00f5es de pessoas s\u00e3o aben\u00e7oadas ainda hoje pela sua vida e pelo seu legado. Cabe-nos, t\u00e3o somente, agora, imitar esse homem como ele imitou Cristo.<\/p>\n<p><span class=\"a-text-bold\">Hernandes Dias Lopes<\/span>\u00a0nos convida a fazer uma fascinante viagem por meio das Escrituras rumo ao passado, entrando pelos corredores do tempo, a fim de descobrirmos essas respostas e permitir que suas palavras falem aos nossos cora\u00e7\u00f5es. &#8212;&#8211; \u201cCircuncidado ao oitavo dia, da descend\u00eancia de Israel, da tribo de Benjamim, hebreu de hebreus, quanto \u00e0 lei fariseu; quanto ao zelo perseguidor da igreja; quanto \u00e0 justi\u00e7a que h\u00e1 na lei, eu era irrepreens\u00edvel. Mas o que para mim era lucro, passei a considerar perda, por amor de Cristo.\u201d (Fp. 3.5-7, Almeida S\u00e9culo 21)<\/p>\n","protected":false},"excerpt":{"rendered":"<p>Quem era esse homem que provocava verdadeiras revolu\u00e7\u00f5es por onde passava? Quais eram suas credenciais? Quem eram seus pais? Onde nasceu? Como foi educado? Que convic\u00e7\u00f5es religiosas nortearam-lhe os passos? Suas cartas ainda falam. Sua voz p\u00f3stuma \u00e9 poderosa. Milh\u00f5es de pessoas s\u00e3o aben\u00e7oadas ainda hoje pela sua vida e pelo seu legado. Cabe-nos, t\u00e3o [&hellip;]<\/p>\n","protected":false},"featured_media":1188,"comment_status":"closed","ping_status":"closed","template":"","meta":{"_joinchat":[]},"pwb-brand":[44],"product_cat":[76],"product_tag":[],"class_list":{"0":"post-1187","1":"product","2":"type-product","3":"status-publish","4":"has-post-thumbnail","6":"pwb-brand-hernandes-dias-lopes","7":"product_cat-igreja","8":"product_shipping_class-geral","10":"first","11":"instock","12":"taxable","13":"shipping-taxable","14":"purchasable","15":"product-type-simple"},"brands":[{"id":44,"name":"HERNANDES DIAS LOPES","slug":"hernandes-dias-lopes"}],"_links":{"self":[{"href":"https:\/\/livrariamaveshop.com.br\/index.php?rest_route=\/wp\/v2\/product\/1187","targetHints":{"allow":["GET"]}}],"collection":[{"href":"https:\/\/livrariamaveshop.com.br\/index.php?rest_route=\/wp\/v2\/product"}],"about":[{"href":"https:\/\/livrariamaveshop.com.br\/index.php?rest_route=\/wp\/v2\/types\/product"}],"replies":[{"embeddable":true,"href":"https:\/\/livrariamaveshop.com.br\/index.php?rest_route=%2Fwp%2Fv2%2Fcomments&post=1187"}],"wp:featuredmedia":[{"embeddable":true,"href":"https:\/\/livrariamaveshop.com.br\/index.php?rest_route=\/wp\/v2\/media\/1188"}],"wp:attachment":[{"href":"https:\/\/livrariamaveshop.com.br\/index.php?rest_route=%2Fwp%2Fv2%2Fmedia&parent=1187"}],"wp:term":[{"taxonomy":"pwb-brand","embeddable":true,"href":"https:\/\/livrariamaveshop.com.br\/index.php?rest_route=%2Fwp%2Fv2%2Fpwb-brand&post=1187"},{"taxonomy":"product_cat","embeddable":true,"href":"https:\/\/livrariamaveshop.com.br\/index.php?rest_route=%2Fwp%2Fv2%2Fproduct_cat&post=1187"},{"taxonomy":"product_tag","embeddable":true,"href":"https:\/\/livrariamaveshop.com.br\/index.php?rest_route=%2Fwp%2Fv2%2Fproduct_tag&post=1187"}],"curies":[{"name":"wp","href":"https:\/\/api.w.org\/{rel}","templated":true}]}}