{"id":1175,"date":"2024-01-18T14:00:01","date_gmt":"2024-01-18T17:00:01","guid":{"rendered":"https:\/\/livrariamaveshop.com.br\/?post_type=product&#038;p=1175"},"modified":"2024-01-18T14:00:01","modified_gmt":"2024-01-18T17:00:01","slug":"porque-o-senhor-e-o-meu-pastor","status":"publish","type":"product","link":"https:\/\/livrariamaveshop.com.br\/?product=porque-o-senhor-e-o-meu-pastor","title":{"rendered":"Porque o Senhor \u00e9 o Meu Pastor"},"content":{"rendered":"<p>Sejam quais forem os desafios, os problemas ou as perdas que voc\u00ea possa enfrentar na vida, h\u00e1 uma esperan\u00e7a incontest\u00e1vel resumida em uma simples frase: O Senhor \u00e9 o Meu Pastor. Essa frase do querido Salmo 23 \u00e9 a raz\u00e3o pela qual voc\u00ea nunca est\u00e1 s\u00f3, nunca est\u00e1 sem socorro e nunca est\u00e1 sem esperan\u00e7a!<br \/>\nEm Porque o Senhor \u00e9 o Meu Pastor, o respeitado autor e mestre Tony Cooke esclarece o significado das doze poderosas b\u00ean\u00e7\u00e3os que recebemos ao seguir o Grande Pastor:<\/p>\n<p>\u2022 Provis\u00e3o<br \/>\n\u2022 Descanso<br \/>\n\u2022 Paz<br \/>\n\u2022 Restaura\u00e7\u00e3o<br \/>\n\u2022 Dire\u00e7\u00e3o<br \/>\n\u2022 Seguran\u00e7a<br \/>\n\u2022 Consolo<br \/>\n\u2022 Sustento<br \/>\n\u2022 Un\u00e7\u00e3o<br \/>\n\u2022 Abund\u00e2ncia<br \/>\n\u2022 Confian\u00e7a<br \/>\n\u2022 Uni\u00e3o<\/p>\n<p>Enquanto o Salmo 23 flu\u00eda do seu cora\u00e7\u00e3o, Davi refletia sobre a bondade de Deus \u2014 e voc\u00ea ser\u00e1 motivado a fazer o mesmo. Mantenha-se firme na sua confian\u00e7a em um Pastor que cuida de voc\u00ea com compaix\u00e3o e ternura nos bons e nos maus momentos!<\/p>\n","protected":false},"excerpt":{"rendered":"<p>Sejam quais forem os desafios, os problemas ou as perdas que voc\u00ea possa enfrentar na vida, h\u00e1 uma esperan\u00e7a incontest\u00e1vel resumida em uma simples frase: O Senhor \u00e9 o Meu Pastor. Essa frase do querido Salmo 23 \u00e9 a raz\u00e3o pela qual voc\u00ea nunca est\u00e1 s\u00f3, nunca est\u00e1 sem socorro e nunca est\u00e1 sem esperan\u00e7a! [&hellip;]<\/p>\n","protected":false},"featured_media":1178,"comment_status":"closed","ping_status":"closed","template":"","meta":{"_joinchat":[]},"pwb-brand":[45],"product_cat":[40],"product_tag":[],"class_list":{"0":"post-1175","1":"product","2":"type-product","3":"status-publish","4":"has-post-thumbnail","6":"pwb-brand-tony-cooke","7":"product_cat-fe","8":"product_shipping_class-geral","10":"first","11":"instock","12":"taxable","13":"shipping-taxable","14":"purchasable","15":"product-type-simple"},"brands":[{"id":45,"name":"TONY COOKE","slug":"tony-cooke"}],"_links":{"self":[{"href":"https:\/\/livrariamaveshop.com.br\/index.php?rest_route=\/wp\/v2\/product\/1175","targetHints":{"allow":["GET"]}}],"collection":[{"href":"https:\/\/livrariamaveshop.com.br\/index.php?rest_route=\/wp\/v2\/product"}],"about":[{"href":"https:\/\/livrariamaveshop.com.br\/index.php?rest_route=\/wp\/v2\/types\/product"}],"replies":[{"embeddable":true,"href":"https:\/\/livrariamaveshop.com.br\/index.php?rest_route=%2Fwp%2Fv2%2Fcomments&post=1175"}],"wp:featuredmedia":[{"embeddable":true,"href":"https:\/\/livrariamaveshop.com.br\/index.php?rest_route=\/wp\/v2\/media\/1178"}],"wp:attachment":[{"href":"https:\/\/livrariamaveshop.com.br\/index.php?rest_route=%2Fwp%2Fv2%2Fmedia&parent=1175"}],"wp:term":[{"taxonomy":"pwb-brand","embeddable":true,"href":"https:\/\/livrariamaveshop.com.br\/index.php?rest_route=%2Fwp%2Fv2%2Fpwb-brand&post=1175"},{"taxonomy":"product_cat","embeddable":true,"href":"https:\/\/livrariamaveshop.com.br\/index.php?rest_route=%2Fwp%2Fv2%2Fproduct_cat&post=1175"},{"taxonomy":"product_tag","embeddable":true,"href":"https:\/\/livrariamaveshop.com.br\/index.php?rest_route=%2Fwp%2Fv2%2Fproduct_tag&post=1175"}],"curies":[{"name":"wp","href":"https:\/\/api.w.org\/{rel}","templated":true}]}}