{"id":1172,"date":"2024-01-18T13:54:02","date_gmt":"2024-01-18T16:54:02","guid":{"rendered":"https:\/\/livrariamaveshop.com.br\/?post_type=product&#038;p=1172"},"modified":"2024-01-18T13:54:02","modified_gmt":"2024-01-18T16:54:02","slug":"de-todo-coracao","status":"publish","type":"product","link":"https:\/\/livrariamaveshop.com.br\/?product=de-todo-coracao","title":{"rendered":"De Todo Cora\u00e7\u00e3o"},"content":{"rendered":"<p>CHEGA DE F\u00c9 DE OCASI\u00c3O!<\/p>\n<p>Infelizmente temos vivido um tempo de f\u00e9 superficial, repleta de ritos, sem paix\u00e3o e sem uma experi\u00eancia verdadeira com Deus. A velocidade dos dias atuais esvazia nosso relacionamento com o Pai, nos distanciando da Verdade. Muitas vezes, escolhemos crer apenas naquilo que nos conv\u00e9m, com base em necessidades pessoais e materiais. Vivemos em busca de milagres e b\u00ean\u00e7\u00e3os, mas n\u00e3o alimentamos e desenvolvemos nossa espiritualidade.<\/p>\n<p>De todo cora\u00e7\u00e3o, do autor Luciano Subir\u00e1, prop\u00f5e que \u00e9 poss\u00edvel uma intimidade profunda e sem limites com Deus, desde que seja uma escolha a sua decis\u00e3o!<\/p>\n<p>Aqui, pelas p\u00e1ginas que deram origem ao best-seller At\u00e9 que nada mais importe, voc\u00ea ser\u00e1 convidado a se entregar de forma completa, sem intermedi\u00e1rios, ao abra\u00e7o de Cristo, permitindo que o espiritual influencie todas as \u00e1reas de sua vida.<\/p>\n<p>Nesta nova e indispens\u00e1vel edi\u00e7\u00e3o, com ainda mais conte\u00fado e reflex\u00f5es, Luciano ganha a companhia do filho, o cantor e compositor Israel Subir\u00e1. Como um di\u00e1logo de f\u00e9, seremos confrontados e levados a nos aprofundar, com todo o nosso cora\u00e7\u00e3o, em como sermos<br \/>\nescravos por amor, compreendendo o amor total como cerne da vida espiritual, sem que percamos de vista a fam\u00edlia, os amigos e a igreja.<\/p>\n","protected":false},"excerpt":{"rendered":"<p>CHEGA DE F\u00c9 DE OCASI\u00c3O! Infelizmente temos vivido um tempo de f\u00e9 superficial, repleta de ritos, sem paix\u00e3o e sem uma experi\u00eancia verdadeira com Deus. A velocidade dos dias atuais esvazia nosso relacionamento com o Pai, nos distanciando da Verdade. Muitas vezes, escolhemos crer apenas naquilo que nos conv\u00e9m, com base em necessidades pessoais e [&hellip;]<\/p>\n","protected":false},"featured_media":1173,"comment_status":"closed","ping_status":"closed","template":"","meta":{"_joinchat":[]},"pwb-brand":[39],"product_cat":[40],"product_tag":[],"class_list":{"0":"post-1172","1":"product","2":"type-product","3":"status-publish","4":"has-post-thumbnail","6":"pwb-brand-luciano-subira","7":"product_cat-fe","8":"product_shipping_class-geral","10":"first","11":"instock","12":"taxable","13":"shipping-taxable","14":"purchasable","15":"product-type-simple"},"brands":[{"id":39,"name":"LUCIANO SUBIR\u00c1","slug":"luciano-subira"}],"_links":{"self":[{"href":"https:\/\/livrariamaveshop.com.br\/index.php?rest_route=\/wp\/v2\/product\/1172","targetHints":{"allow":["GET"]}}],"collection":[{"href":"https:\/\/livrariamaveshop.com.br\/index.php?rest_route=\/wp\/v2\/product"}],"about":[{"href":"https:\/\/livrariamaveshop.com.br\/index.php?rest_route=\/wp\/v2\/types\/product"}],"replies":[{"embeddable":true,"href":"https:\/\/livrariamaveshop.com.br\/index.php?rest_route=%2Fwp%2Fv2%2Fcomments&post=1172"}],"wp:featuredmedia":[{"embeddable":true,"href":"https:\/\/livrariamaveshop.com.br\/index.php?rest_route=\/wp\/v2\/media\/1173"}],"wp:attachment":[{"href":"https:\/\/livrariamaveshop.com.br\/index.php?rest_route=%2Fwp%2Fv2%2Fmedia&parent=1172"}],"wp:term":[{"taxonomy":"pwb-brand","embeddable":true,"href":"https:\/\/livrariamaveshop.com.br\/index.php?rest_route=%2Fwp%2Fv2%2Fpwb-brand&post=1172"},{"taxonomy":"product_cat","embeddable":true,"href":"https:\/\/livrariamaveshop.com.br\/index.php?rest_route=%2Fwp%2Fv2%2Fproduct_cat&post=1172"},{"taxonomy":"product_tag","embeddable":true,"href":"https:\/\/livrariamaveshop.com.br\/index.php?rest_route=%2Fwp%2Fv2%2Fproduct_tag&post=1172"}],"curies":[{"name":"wp","href":"https:\/\/api.w.org\/{rel}","templated":true}]}}