{"id":1156,"date":"2024-01-18T13:20:46","date_gmt":"2024-01-18T16:20:46","guid":{"rendered":"https:\/\/livrariamaveshop.com.br\/?post_type=product&#038;p=1156"},"modified":"2024-01-18T13:20:46","modified_gmt":"2024-01-18T16:20:46","slug":"dois-tipos-de-justica","status":"publish","type":"product","link":"https:\/\/livrariamaveshop.com.br\/?product=dois-tipos-de-justica","title":{"rendered":"Dois Tipos de Justi\u00e7a"},"content":{"rendered":"<p style=\"font-weight: 400;\"><i>\u201cDois Tipos de Justi\u00e7a\u201d <\/i>do autor E.W. Kenyon, \u00e9 uma obra cl\u00e1ssica da literatura crist\u00e3o que aborda assuntos espec\u00edficos a respeito do que somos em Deus, e o que podemos nEle. N\u00e3o temos que esperar at\u00e9 chegarmos ao C\u00e9u para entramos naquilo que Cristo conquistou por n\u00f3s. \u00c9 nosso! Podemos adentrar e desfrutar agora. O pr\u00f3prio Deus \u00e9 a nossa real justi\u00e7a. Somos a justi\u00e7a de Deus nEle, nos tornando participantes da natureza divina no momento em que aceitamos Cristo e entramos na fam\u00edlia de Deus.<\/p>\n<p style=\"font-weight: 400;\">\n<p style=\"font-weight: 400;\">Justi\u00e7a significa a capacidade de ficar na presen\u00e7a do Pai sem senso de culpa ou inferioridade. A n\u00e3o ser que saiba quem voc\u00ea \u00e9 e o que Cristo \u00e9 em voc\u00ea, n\u00e3o viver\u00e1 uma vida vitoriosa. Este importante livro deve ser lido por todo crente sincero. Ele mudar\u00e1 sua vida, assim como tem mudado a vida de multid\u00f5es.<\/p>\n","protected":false},"excerpt":{"rendered":"<p>\u201cDois Tipos de Justi\u00e7a\u201d do autor E.W. Kenyon, \u00e9 uma obra cl\u00e1ssica da literatura crist\u00e3o que aborda assuntos espec\u00edficos a respeito do que somos em Deus, e o que podemos nEle. N\u00e3o temos que esperar at\u00e9 chegarmos ao C\u00e9u para entramos naquilo que Cristo conquistou por n\u00f3s. \u00c9 nosso! Podemos adentrar e desfrutar agora. O [&hellip;]<\/p>\n","protected":false},"featured_media":1157,"comment_status":"closed","ping_status":"closed","template":"","meta":{"_joinchat":[]},"pwb-brand":[53],"product_cat":[76],"product_tag":[],"class_list":{"0":"post-1156","1":"product","2":"type-product","3":"status-publish","4":"has-post-thumbnail","6":"pwb-brand-e-w-kenyon","7":"product_cat-igreja","8":"product_shipping_class-geral","10":"first","11":"instock","12":"taxable","13":"shipping-taxable","14":"purchasable","15":"product-type-simple"},"brands":[{"id":53,"name":"E. W. KENYON","slug":"e-w-kenyon"}],"_links":{"self":[{"href":"https:\/\/livrariamaveshop.com.br\/index.php?rest_route=\/wp\/v2\/product\/1156","targetHints":{"allow":["GET"]}}],"collection":[{"href":"https:\/\/livrariamaveshop.com.br\/index.php?rest_route=\/wp\/v2\/product"}],"about":[{"href":"https:\/\/livrariamaveshop.com.br\/index.php?rest_route=\/wp\/v2\/types\/product"}],"replies":[{"embeddable":true,"href":"https:\/\/livrariamaveshop.com.br\/index.php?rest_route=%2Fwp%2Fv2%2Fcomments&post=1156"}],"wp:featuredmedia":[{"embeddable":true,"href":"https:\/\/livrariamaveshop.com.br\/index.php?rest_route=\/wp\/v2\/media\/1157"}],"wp:attachment":[{"href":"https:\/\/livrariamaveshop.com.br\/index.php?rest_route=%2Fwp%2Fv2%2Fmedia&parent=1156"}],"wp:term":[{"taxonomy":"pwb-brand","embeddable":true,"href":"https:\/\/livrariamaveshop.com.br\/index.php?rest_route=%2Fwp%2Fv2%2Fpwb-brand&post=1156"},{"taxonomy":"product_cat","embeddable":true,"href":"https:\/\/livrariamaveshop.com.br\/index.php?rest_route=%2Fwp%2Fv2%2Fproduct_cat&post=1156"},{"taxonomy":"product_tag","embeddable":true,"href":"https:\/\/livrariamaveshop.com.br\/index.php?rest_route=%2Fwp%2Fv2%2Fproduct_tag&post=1156"}],"curies":[{"name":"wp","href":"https:\/\/api.w.org\/{rel}","templated":true}]}}