{"id":1149,"date":"2024-01-18T13:10:09","date_gmt":"2024-01-18T16:10:09","guid":{"rendered":"https:\/\/livrariamaveshop.com.br\/?post_type=product&#038;p=1149"},"modified":"2024-01-18T13:10:09","modified_gmt":"2024-01-18T16:10:09","slug":"profecias-do-fim-dos-tempos-vol-1","status":"publish","type":"product","link":"https:\/\/livrariamaveshop.com.br\/?product=profecias-do-fim-dos-tempos-vol-1","title":{"rendered":"Profecias do Fim dos Tempos &#8211; Vol 1"},"content":{"rendered":"<p style=\"font-weight: 400;\"><i>\u201cO Plano Prof\u00e9tico &#8211; Vol.1 (Profecias do Fim dos Tempos)\u201d<\/i> do autor Derek Walker \u00e9 o primeiro volume de uma s\u00e9rie de quatro, que revela sistematicamente os princ\u00edpios fundamentais atrav\u00e9s dos quais voc\u00ea pode entender claramente os ensinamentos b\u00edblicos sobre o fim dos tempos.<\/p>\n<p style=\"font-weight: 400;\">\n<p style=\"font-weight: 400;\">Voc\u00ea entende o tempo em que est\u00e1 vivendo? As profecias b\u00edblicas t\u00eam provado ser extraordinariamente precisas at\u00e9 agora, ent\u00e3o veja o que elas t\u00eam a dizer em rela\u00e7\u00e3o ao nosso futuro. Nesta obra, Derek Walker responde perguntas como: O que a B\u00edblia diz sobre o que est\u00e1 por vir? Estamos vivendo na \u00faltima gera\u00e7\u00e3o antes do retorno de Cristo?<\/p>\n<p style=\"font-weight: 400;\">\n<p style=\"font-weight: 400;\">O livro tr\u00e1s uma abordagem bastante concisa a respeito do fim dos tempos, e se voc\u00ea busca conhecimento a respeito do que j\u00e1 existe de registrado sobre os \u00faltimos dias, este livro \u00e9 para voc\u00ea.<\/p>\n","protected":false},"excerpt":{"rendered":"<p>\u201cO Plano Prof\u00e9tico &#8211; Vol.1 (Profecias do Fim dos Tempos)\u201d do autor Derek Walker \u00e9 o primeiro volume de uma s\u00e9rie de quatro, que revela sistematicamente os princ\u00edpios fundamentais atrav\u00e9s dos quais voc\u00ea pode entender claramente os ensinamentos b\u00edblicos sobre o fim dos tempos. Voc\u00ea entende o tempo em que est\u00e1 vivendo? As profecias b\u00edblicas [&hellip;]<\/p>\n","protected":false},"featured_media":1150,"comment_status":"closed","ping_status":"closed","template":"","meta":{"_joinchat":[]},"pwb-brand":[98],"product_cat":[82],"product_tag":[],"class_list":{"0":"post-1149","1":"product","2":"type-product","3":"status-publish","4":"has-post-thumbnail","6":"pwb-brand-derek-walker","7":"product_cat-avivamento","8":"product_shipping_class-geral","10":"first","11":"instock","12":"taxable","13":"shipping-taxable","14":"purchasable","15":"product-type-simple"},"brands":[{"id":98,"name":"DEREK WALKER","slug":"derek-walker"}],"_links":{"self":[{"href":"https:\/\/livrariamaveshop.com.br\/index.php?rest_route=\/wp\/v2\/product\/1149","targetHints":{"allow":["GET"]}}],"collection":[{"href":"https:\/\/livrariamaveshop.com.br\/index.php?rest_route=\/wp\/v2\/product"}],"about":[{"href":"https:\/\/livrariamaveshop.com.br\/index.php?rest_route=\/wp\/v2\/types\/product"}],"replies":[{"embeddable":true,"href":"https:\/\/livrariamaveshop.com.br\/index.php?rest_route=%2Fwp%2Fv2%2Fcomments&post=1149"}],"wp:featuredmedia":[{"embeddable":true,"href":"https:\/\/livrariamaveshop.com.br\/index.php?rest_route=\/wp\/v2\/media\/1150"}],"wp:attachment":[{"href":"https:\/\/livrariamaveshop.com.br\/index.php?rest_route=%2Fwp%2Fv2%2Fmedia&parent=1149"}],"wp:term":[{"taxonomy":"pwb-brand","embeddable":true,"href":"https:\/\/livrariamaveshop.com.br\/index.php?rest_route=%2Fwp%2Fv2%2Fpwb-brand&post=1149"},{"taxonomy":"product_cat","embeddable":true,"href":"https:\/\/livrariamaveshop.com.br\/index.php?rest_route=%2Fwp%2Fv2%2Fproduct_cat&post=1149"},{"taxonomy":"product_tag","embeddable":true,"href":"https:\/\/livrariamaveshop.com.br\/index.php?rest_route=%2Fwp%2Fv2%2Fproduct_tag&post=1149"}],"curies":[{"name":"wp","href":"https:\/\/api.w.org\/{rel}","templated":true}]}}