{"id":1108,"date":"2024-01-18T12:11:58","date_gmt":"2024-01-18T15:11:58","guid":{"rendered":"https:\/\/livrariamaveshop.com.br\/?post_type=product&#038;p=1108"},"modified":"2024-01-18T12:11:58","modified_gmt":"2024-01-18T15:11:58","slug":"o-reino-de-deus","status":"publish","type":"product","link":"https:\/\/livrariamaveshop.com.br\/?product=o-reino-de-deus","title":{"rendered":"O Reino de Deus"},"content":{"rendered":"<div id=\"bookDescription_feature_div\" class=\"celwidget\" data-feature-name=\"bookDescription\" data-csa-c-type=\"widget\" data-csa-c-content-id=\"bookDescription\" data-csa-c-slot-id=\"bookDescription_feature_div\" data-csa-c-asin=\"\" data-csa-c-is-in-initial-active-row=\"false\" data-csa-c-id=\"i1m86u-3yg3um-lzb6rm-4tfd1r\" data-cel-widget=\"bookDescription_feature_div\">\n<div class=\"a-expander-collapsed-height a-row a-expander-container a-spacing-base a-expander-partial-collapse-container\" data-a-expander-name=\"book_description_expander\" data-a-expander-collapsed-height=\"280\">\n<div class=\"a-expander-content a-expander-partial-collapse-content\" aria-expanded=\"false\">Muitas denomina\u00e7\u00f5es est\u00e3o perdidas em suas heran\u00e7as doutrin\u00e1rias. Encaixotaram suas vis\u00f5es, miss\u00f5es, estruturas, sistemas, m\u00e9todos e modelos dentro de uma mentalidade humanista e chamam isso de evangelho da f\u00e9. \u00c9 preciso descobrir a cultura do Reino dos c\u00e9us revelado atrav\u00e9s de Cristo o filho do Seu amor para que aconte\u00e7a n\u00e3o apenas uma transi\u00e7\u00e3o de pensamentos mas uma revolu\u00e7\u00e3o na mentalidade. Isto provocar\u00e1 uma restaura\u00e7\u00e3o de fundamentos como O Reino, A Igreja e o Sacerd\u00f3cio. Com estes fundamentos realinhados o corpo m\u00edstico de Cristo mobiliza-se influenciando de forma governamental todas as esferas da sociedade legislando em favor do c\u00e9u. Este livro tem a proposta de trazer novas bases para a movimenta\u00e7\u00e3o da igreja para que ela seja uma plataforma do Reino para as Na\u00e7\u00f5es.<\/div>\n<\/div>\n<\/div>\n<div id=\"hushpuppyUpsell_feature_div\" class=\"celwidget\" data-feature-name=\"hushpuppyUpsell\" data-csa-c-type=\"widget\" data-csa-c-content-id=\"hushpuppyUpsell\" data-csa-c-slot-id=\"hushpuppyUpsell_feature_div\" data-csa-c-asin=\"\" data-csa-c-is-in-initial-active-row=\"false\" data-csa-c-id=\"2fj1n7-lxz8vi-pw9eiy-onc12i\" data-cel-widget=\"hushpuppyUpsell_feature_div\"><\/div>\n<div id=\"richProductInformation_feature_div\" class=\"celwidget\" data-feature-name=\"richProductInformation\" data-csa-c-type=\"widget\" data-csa-c-content-id=\"richProductInformation\" data-csa-c-slot-id=\"richProductInformation_feature_div\" data-csa-c-asin=\"\" data-csa-c-is-in-initial-active-row=\"false\" data-csa-c-id=\"5zi5z2-glih3r-a5m9sl-pekcy1\" data-cel-widget=\"richProductInformation_feature_div\">\n<div id=\"rich_product_information\" class=\"a-section a-spacing-none celwidget\" data-csa-c-id=\"arb1rn-t9k4dl-m64wlc-pa8f7h\" data-cel-widget=\"rich_product_information\"><\/div>\n<\/div>\n","protected":false},"excerpt":{"rendered":"<p>Muitas denomina\u00e7\u00f5es est\u00e3o perdidas em suas heran\u00e7as doutrin\u00e1rias. Encaixotaram suas vis\u00f5es, miss\u00f5es, estruturas, sistemas, m\u00e9todos e modelos dentro de uma mentalidade humanista e chamam isso de evangelho da f\u00e9. \u00c9 preciso descobrir a cultura do Reino dos c\u00e9us revelado atrav\u00e9s de Cristo o filho do Seu amor para que aconte\u00e7a n\u00e3o apenas uma transi\u00e7\u00e3o de [&hellip;]<\/p>\n","protected":false},"featured_media":1109,"comment_status":"closed","ping_status":"closed","template":"","meta":{"_joinchat":[]},"pwb-brand":[81],"product_cat":[76],"product_tag":[],"class_list":{"0":"post-1108","1":"product","2":"type-product","3":"status-publish","4":"has-post-thumbnail","6":"pwb-brand-luiz-herminio","7":"product_cat-igreja","8":"product_shipping_class-geral","10":"first","11":"instock","12":"taxable","13":"shipping-taxable","14":"purchasable","15":"product-type-simple"},"brands":[{"id":81,"name":"LUIZ HERMINIO","slug":"luiz-herminio"}],"_links":{"self":[{"href":"https:\/\/livrariamaveshop.com.br\/index.php?rest_route=\/wp\/v2\/product\/1108","targetHints":{"allow":["GET"]}}],"collection":[{"href":"https:\/\/livrariamaveshop.com.br\/index.php?rest_route=\/wp\/v2\/product"}],"about":[{"href":"https:\/\/livrariamaveshop.com.br\/index.php?rest_route=\/wp\/v2\/types\/product"}],"replies":[{"embeddable":true,"href":"https:\/\/livrariamaveshop.com.br\/index.php?rest_route=%2Fwp%2Fv2%2Fcomments&post=1108"}],"wp:featuredmedia":[{"embeddable":true,"href":"https:\/\/livrariamaveshop.com.br\/index.php?rest_route=\/wp\/v2\/media\/1109"}],"wp:attachment":[{"href":"https:\/\/livrariamaveshop.com.br\/index.php?rest_route=%2Fwp%2Fv2%2Fmedia&parent=1108"}],"wp:term":[{"taxonomy":"pwb-brand","embeddable":true,"href":"https:\/\/livrariamaveshop.com.br\/index.php?rest_route=%2Fwp%2Fv2%2Fpwb-brand&post=1108"},{"taxonomy":"product_cat","embeddable":true,"href":"https:\/\/livrariamaveshop.com.br\/index.php?rest_route=%2Fwp%2Fv2%2Fproduct_cat&post=1108"},{"taxonomy":"product_tag","embeddable":true,"href":"https:\/\/livrariamaveshop.com.br\/index.php?rest_route=%2Fwp%2Fv2%2Fproduct_tag&post=1108"}],"curies":[{"name":"wp","href":"https:\/\/api.w.org\/{rel}","templated":true}]}}