{"id":1056,"date":"2024-01-18T01:33:09","date_gmt":"2024-01-18T04:33:09","guid":{"rendered":"https:\/\/livrariamaveshop.com.br\/?post_type=product&#038;p=1056"},"modified":"2024-01-18T01:33:09","modified_gmt":"2024-01-18T04:33:09","slug":"curso-de-evangelismo-pessoal","status":"publish","type":"product","link":"https:\/\/livrariamaveshop.com.br\/?product=curso-de-evangelismo-pessoal","title":{"rendered":"Curso de Evangelismo Pessoal"},"content":{"rendered":"<p style=\"font-weight: 400;\"><i>\u201cCurso de Evangelismo Pessoal\u201d<\/i> do autor E. W. Kenyon, \u00e9 uma obra que aborda o \u201cganhar almas\u201d como o neg\u00f3cio da nossa vida. Para E. W. Kenyon, ganhar o perdido \u00e9 a aplica\u00e7\u00e3o natural do amor de Deus que flui no nosso cora\u00e7\u00e3o por interm\u00e9dio do Esp\u00edrito Santo. Portanto, o evangelismo \u00e9 para todo crist\u00e3o, independente do seu chamado.<\/p>\n<p style=\"font-weight: 400;\">Da mesma forma que um peixe carrega consigo a natureza de nadar, n\u00f3s como crentes devemos carregar conosco e evidenciar a natureza de amar e ganhar almas, esse \u00e9 o nosso primeiro chamado. E. W. Kenyon desejou ganhar pessoas para Cristo e treinar outras para tamb\u00e9m fazerem dessa paix\u00e3o o trabalho de suas vidas, e esse curso nasceu da paix\u00e3o que move a vida dele.<\/p>\n<p style=\"font-weight: 400;\">Dispon\u00edvel anteriormente no formato de li\u00e7\u00f5es individuais, a Rhema Brasil Publica\u00e7\u00f5es est\u00e1 alegre em finalmente oferecer este grande curso em um \u00fanico volume.<\/p>\n","protected":false},"excerpt":{"rendered":"<p>\u201cCurso de Evangelismo Pessoal\u201d do autor E. W. Kenyon, \u00e9 uma obra que aborda o \u201cganhar almas\u201d como o neg\u00f3cio da nossa vida. Para E. W. Kenyon, ganhar o perdido \u00e9 a aplica\u00e7\u00e3o natural do amor de Deus que flui no nosso cora\u00e7\u00e3o por interm\u00e9dio do Esp\u00edrito Santo. Portanto, o evangelismo \u00e9 para todo crist\u00e3o, [&hellip;]<\/p>\n","protected":false},"featured_media":1057,"comment_status":"closed","ping_status":"closed","template":"","meta":{"_joinchat":[]},"pwb-brand":[53],"product_cat":[86],"product_tag":[],"class_list":{"0":"post-1056","1":"product","2":"type-product","3":"status-publish","4":"has-post-thumbnail","6":"pwb-brand-e-w-kenyon","7":"product_cat-evangelizacao","8":"product_shipping_class-geral","10":"first","11":"instock","12":"taxable","13":"shipping-taxable","14":"purchasable","15":"product-type-simple"},"brands":[{"id":53,"name":"E. W. KENYON","slug":"e-w-kenyon"}],"_links":{"self":[{"href":"https:\/\/livrariamaveshop.com.br\/index.php?rest_route=\/wp\/v2\/product\/1056","targetHints":{"allow":["GET"]}}],"collection":[{"href":"https:\/\/livrariamaveshop.com.br\/index.php?rest_route=\/wp\/v2\/product"}],"about":[{"href":"https:\/\/livrariamaveshop.com.br\/index.php?rest_route=\/wp\/v2\/types\/product"}],"replies":[{"embeddable":true,"href":"https:\/\/livrariamaveshop.com.br\/index.php?rest_route=%2Fwp%2Fv2%2Fcomments&post=1056"}],"wp:featuredmedia":[{"embeddable":true,"href":"https:\/\/livrariamaveshop.com.br\/index.php?rest_route=\/wp\/v2\/media\/1057"}],"wp:attachment":[{"href":"https:\/\/livrariamaveshop.com.br\/index.php?rest_route=%2Fwp%2Fv2%2Fmedia&parent=1056"}],"wp:term":[{"taxonomy":"pwb-brand","embeddable":true,"href":"https:\/\/livrariamaveshop.com.br\/index.php?rest_route=%2Fwp%2Fv2%2Fpwb-brand&post=1056"},{"taxonomy":"product_cat","embeddable":true,"href":"https:\/\/livrariamaveshop.com.br\/index.php?rest_route=%2Fwp%2Fv2%2Fproduct_cat&post=1056"},{"taxonomy":"product_tag","embeddable":true,"href":"https:\/\/livrariamaveshop.com.br\/index.php?rest_route=%2Fwp%2Fv2%2Fproduct_tag&post=1056"}],"curies":[{"name":"wp","href":"https:\/\/api.w.org\/{rel}","templated":true}]}}